-- https://www.phpmyadmin.net/
--

START TRANSACTION;



--
-- Database: `cbttesth_cbt2`
--

-- --------------------------------------------------------

--
-- Table structure for table `absensi`
--

CREATE TABLE `absensi` (
  `id` int(11) NOT NULL,
  `tanggal` date DEFAULT NULL,
  `nokartu` varchar(50) DEFAULT NULL,
  `idsiswa` int(11) DEFAULT NULL,
  `kelas` varchar(50) DEFAULT NULL,
  `idpeg` int(11) DEFAULT NULL,
  `level` varchar(50) DEFAULT NULL,
  `masuk` varchar(50) DEFAULT NULL,
  `pulang` varchar(50) DEFAULT NULL,
  `ket` varchar(5) DEFAULT NULL,
  `bulan` varchar(50) DEFAULT NULL,
  `tahun` varchar(50) DEFAULT NULL,
  `keterangan` varchar(50) DEFAULT NULL,
  `mesin` varchar(50) DEFAULT NULL,
  `jjm` varchar(50) DEFAULT NULL,
  `honor` varchar(50) DEFAULT NULL,
  `jenis` int(11) DEFAULT NULL
) ENGINE=InnoDB DEFAULT CHARSET=latin1 COLLATE=latin1_swedish_ci;

-- --------------------------------------------------------

--
-- Table structure for table `absen_daring`
--

CREATE TABLE `absen_daring` (
  `id` int(11) NOT NULL,
  `tanggal` date DEFAULT NULL,
  `idsiswa` int(11) DEFAULT NULL,
  `bulan` varchar(5) DEFAULT NULL,
  `tahun` varchar(20) DEFAULT NULL,
  `waktu` varchar(50) DEFAULT NULL,
  `ket` varchar(2) NOT NULL DEFAULT 'H',
  `materi` int(11) DEFAULT NULL
) ENGINE=InnoDB DEFAULT CHARSET=latin1 COLLATE=latin1_swedish_ci;

-- --------------------------------------------------------

--
-- Table structure for table `agenda`
--

CREATE TABLE `agenda` (
  `id` int(11) NOT NULL,
  `tanggal` date DEFAULT NULL,
  `kelas` varchar(50) DEFAULT NULL,
  `mapel` varchar(50) DEFAULT NULL,
  `kuri` varchar(50) DEFAULT NULL,
  `kikd` varchar(50) DEFAULT NULL,
  `materi` text DEFAULT NULL,
  `indikator` text DEFAULT NULL,
  `lm` text DEFAULT NULL,
  `tp` text DEFAULT NULL,
  `pencapaian` varchar(50) DEFAULT NULL,
  `hadir` int(11) DEFAULT NULL,
  `absen` varchar(50) DEFAULT NULL,
  `idguru` int(11) DEFAULT NULL,
  `hambatan` text DEFAULT NULL,
  `pemecahan` text DEFAULT NULL
) ENGINE=InnoDB DEFAULT CHARSET=latin1 COLLATE=latin1_swedish_ci;

-- --------------------------------------------------------

--
-- Table structure for table `aplikasi`
--

CREATE TABLE `aplikasi` (
  `id_aplikasi` int(11) NOT NULL,
  `aplikasi` varchar(50) DEFAULT NULL,
  `sekolah` varchar(50) DEFAULT NULL,
  `kode_sekolah` varchar(50) DEFAULT NULL,
  `jenis` varchar(50) DEFAULT NULL,
  `jenjang` varchar(50) DEFAULT NULL,
  `npsn` varchar(50) DEFAULT NULL,
  `semester` int(11) NOT NULL DEFAULT 1,
  `tp` varchar(50) DEFAULT NULL,
  `alamat` varchar(50) DEFAULT NULL,
  `desa` varchar(50) DEFAULT NULL,
  `kecamatan` varchar(50) DEFAULT NULL,
  `kabupaten` varchar(50) DEFAULT NULL,
  `propinsi` varchar(50) DEFAULT NULL,
  `kepsek` varchar(50) DEFAULT NULL,
  `nip` varchar(50) DEFAULT NULL,
  `nowa` varchar(12) DEFAULT NULL,
  `email` varchar(50) DEFAULT NULL,
  `web` varchar(50) DEFAULT NULL,
  `telp` varchar(50) DEFAULT NULL,
  `fax` varchar(50) DEFAULT NULL,
  `kurikulum` int(11) NOT NULL DEFAULT 0,
  `waktu` varchar(50) DEFAULT NULL,
  `url_host` varchar(50) DEFAULT NULL,
  `token_api` text DEFAULT NULL,
  `id_server` varchar(50) DEFAULT NULL,
  `status` int(11) NOT NULL DEFAULT 0,
  `logo` text DEFAULT NULL,
  `versi` varchar(50) DEFAULT NULL,
  `header_kartu` text DEFAULT NULL,
  `header` text DEFAULT NULL,
  `server` varchar(20) DEFAULT NULL,
  `proktor` varchar(50) DEFAULT NULL,
  `tekhnisi` text DEFAULT NULL,
  `stempel` text DEFAULT NULL,
  `model` varchar(50) DEFAULT NULL,
  `url_api` varchar(50) DEFAULT NULL,
  `nama_ujian` varchar(50) DEFAULT NULL,
  `kirimabsen` int(11) NOT NULL DEFAULT 0,
  `tanggal_rapor` varchar(50) DEFAULT NULL,
  `jam_masuk` varchar(50) DEFAULT NULL,
  `jam_pulang` varchar(50) DEFAULT NULL,
  `detek_alpha` varchar(11) DEFAULT NULL
) ENGINE=InnoDB DEFAULT CHARSET=latin1 COLLATE=latin1_swedish_ci;

--
-- Dumping data for table `aplikasi`
--

INSERT INTO `aplikasi` (`id_aplikasi`, `aplikasi`, `sekolah`, `kode_sekolah`, `jenis`, `jenjang`, `npsn`, `semester`, `tp`, `alamat`, `desa`, `kecamatan`, `kabupaten`, `propinsi`, `kepsek`, `nip`, `nowa`, `email`, `web`, `telp`, `fax`, `kurikulum`, `waktu`, `url_host`, `token_api`, `id_server`, `status`, `logo`, `versi`, `header_kartu`, `header`, `server`, `proktor`, `tekhnisi`, `stempel`, `model`, `url_api`, `nama_ujian`, `kirimabsen`, `tanggal_rapor`, `jam_masuk`, `jam_pulang`, `detek_alpha`) VALUES
(1, 'CBT SCHOOL', 'CBT SCHOOL', 'P01', 'REGULER', 'SMA', '20', 2, '2023/2024', 'Jl. Merdeka Barat', 'Sukamaju', 'Ranotama', 'Merdeka', 'Nusantara', 'George, S.Pd. M.Pd.', '-', '088202173318', 'admin@cbtschool.com', 'https://cbtschool.com', '0882021733186', '-', 0, 'Asia/Jakarta', 'http', 'WKJ9vUTCuZwDvi', 'CBTSERVER-01', 0, 'logo5.png', NULL, 'KARTU PESERTA UJIAN', 'DINAS PENDIDIKAN PROVINSI NUSANTARA<br\r\nDINAS PENDIDIKAN DAN KEBUDAYAAN', 'pusat', 'PROKTOR 5', NULL, 'stempel.jpg', 'Manual', 'https://wa.cbtschool.com', 'Penilaian Akhir Semester', 0, '26 Mei 2024', '06:00', '12:00', '08:00');

-- --------------------------------------------------------

--
-- Table structure for table `banksoal`
--

CREATE TABLE `banksoal` (
  `id_bank` int(11) NOT NULL,
  `kode` varchar(255) DEFAULT NULL,
  `idguru` varchar(11) DEFAULT NULL,
  `nama` varchar(50) DEFAULT NULL,
  `level` varchar(50) DEFAULT NULL,
  `kelas` text DEFAULT NULL,
  `status` varchar(2) DEFAULT NULL,
  `soal_agama` varchar(50) DEFAULT NULL,
  `model` int(11) DEFAULT 0,
  `groupsoal` varchar(50) DEFAULT NULL
) ENGINE=InnoDB DEFAULT CHARSET=latin1 COLLATE=latin1_swedish_ci;

--
-- Dumping data for table `banksoal`
--

INSERT INTO `banksoal` (`id_bank`, `kode`, `idguru`, `nama`, `level`, `kelas`, `status`, `soal_agama`, `model`, `groupsoal`) VALUES
(2, 'MTK-10', '3', 'MTK', '10', 'a:1:{i:0;s:7:\"10-TBSM\";}', '1', '', 1, 'AKM');

-- --------------------------------------------------------

--
-- Table structure for table `barusikap`
--

CREATE TABLE `barusikap` (
  `idp` int(11) NOT NULL,
  `nis` varchar(50) DEFAULT NULL,
  `p_dimensi` int(11) NOT NULL,
  `p_elemen` int(11) NOT NULL,
  `p_sub` int(11) NOT NULL
) ENGINE=InnoDB DEFAULT CHARSET=latin1 COLLATE=latin1_swedish_ci;

-- --------------------------------------------------------

--
-- Table structure for table `berita`
--

CREATE TABLE `berita` (
  `id_berita` int(10) NOT NULL,
  `id_bank` int(10) NOT NULL,
  `sesi` varchar(10) NOT NULL,
  `ruang` varchar(20) NOT NULL,
  `jenis` varchar(30) NOT NULL,
  `ikut` varchar(10) DEFAULT NULL,
  `susulan` varchar(10) DEFAULT NULL,
  `no_susulan` text DEFAULT NULL,
  `mulai` varchar(10) DEFAULT NULL,
  `selesai` varchar(10) DEFAULT NULL,
  `nama_proktor` varchar(50) DEFAULT NULL,
  `nip_proktor` varchar(50) DEFAULT NULL,
  `nama_pengawas` varchar(50) DEFAULT NULL,
  `nip_pengawas` varchar(50) DEFAULT NULL,
  `catatan` text DEFAULT NULL,
  `tgl_ujian` varchar(20) DEFAULT NULL
) ENGINE=InnoDB DEFAULT CHARSET=latin1 COLLATE=latin1_swedish_ci;

-- --------------------------------------------------------

--
-- Table structure for table `bk_kategori`
--

CREATE TABLE `bk_kategori` (
  `id` int(11) NOT NULL,
  `kategori` varchar(100) DEFAULT NULL
) ENGINE=InnoDB DEFAULT CHARSET=latin1 COLLATE=latin1_swedish_ci;

--
-- Dumping data for table `bk_kategori`
--

INSERT INTO `bk_kategori` (`id`, `kategori`) VALUES
(1, 'Kelakuan'),
(2, 'Kerapihan'),
(3, 'Kerajinan');

-- --------------------------------------------------------

--
-- Table structure for table `bk_pelanggaran`
--

CREATE TABLE `bk_pelanggaran` (
  `id` int(11) NOT NULL,
  `idkat` int(11) NOT NULL,
  `idsub` int(11) DEFAULT NULL,
  `pelanggaran` text DEFAULT NULL,
  `poin` int(11) DEFAULT NULL
) ENGINE=InnoDB DEFAULT CHARSET=latin1 COLLATE=latin1_swedish_ci;

--
-- Dumping data for table `bk_pelanggaran`
--

INSERT INTO `bk_pelanggaran` (`id`, `idkat`, `idsub`, `pelanggaran`, `poin`) VALUES
(12, 2, 3, 'Tidak menggunakan seragam sekolah sesuai aturan', 5),
(13, 2, 3, 'Baju tidak dimasukan', 5),
(20, 1, 5, 'Merokok di area sekolah', 50);

-- --------------------------------------------------------

--
-- Table structure for table `bk_siswa`
--

CREATE TABLE `bk_siswa` (
  `id` int(11) NOT NULL,
  `nis` varchar(50) DEFAULT NULL,
  `tanggal` date NOT NULL,
  `idkat` int(11) DEFAULT NULL,
  `idsub` int(11) DEFAULT NULL,
  `idpel` int(11) DEFAULT NULL,
  `idpres` int(11) DEFAULT NULL,
  `tapel` varchar(50) DEFAULT NULL,
  `poin` int(11) DEFAULT NULL,
  `sts` varchar(11) NOT NULL DEFAULT '0'
) ENGINE=InnoDB DEFAULT CHARSET=latin1 COLLATE=latin1_swedish_ci;

-- --------------------------------------------------------

--
-- Table structure for table `bk_sp`
--

CREATE TABLE `bk_sp` (
  `id` int(11) NOT NULL,
  `nis` varchar(50) DEFAULT NULL,
  `poin` int(11) DEFAULT NULL,
  `ket` varchar(50) DEFAULT NULL,
  `tapel` varchar(50) DEFAULT NULL,
  `sts` varchar(11) NOT NULL DEFAULT '0'
) ENGINE=InnoDB DEFAULT CHARSET=latin1 COLLATE=latin1_swedish_ci;

-- --------------------------------------------------------

--
-- Table structure for table `bk_sub`
--

CREATE TABLE `bk_sub` (
  `id` int(11) NOT NULL,
  `id_kat` int(11) NOT NULL,
  `sub_kategori` varchar(100) DEFAULT NULL
) ENGINE=InnoDB DEFAULT CHARSET=latin1 COLLATE=latin1_swedish_ci;

--
-- Dumping data for table `bk_sub`
--

INSERT INTO `bk_sub` (`id`, `id_kat`, `sub_kategori`) VALUES
(1, 1, 'Kegiatan Belajar Mengajar'),
(2, 2, 'Rambut'),
(3, 2, 'Pakaian'),
(4, 3, 'Kehadiran'),
(5, 1, 'Merokok'),
(6, 1, 'Minuman keras'),
(7, 1, 'Pornogafi'),
(8, 1, 'Mencuri'),
(9, 1, 'Memeras'),
(10, 1, 'Penghinaan');

-- --------------------------------------------------------

--
-- Table structure for table `bk_surat`
--

CREATE TABLE `bk_surat` (
  `id` int(11) NOT NULL,
  `nosurat` varchar(50) DEFAULT NULL,
  `nis` varchar(50) DEFAULT NULL,
  `tanggal` date NOT NULL,
  `sanksi` text NOT NULL,
  `tapel` varchar(50) DEFAULT NULL,
  `sts` varchar(11) DEFAULT '0',
  `idsp` int(11) DEFAULT NULL
) ENGINE=InnoDB DEFAULT CHARSET=utf8mb4 COLLATE=utf8mb4_general_ci;

-- --------------------------------------------------------

--
-- Table structure for table `bk_tindakan`
--

CREATE TABLE `bk_tindakan` (
  `id` int(11) NOT NULL,
  `tindakan` varchar(50) DEFAULT NULL,
  `ketentuan` text DEFAULT NULL,
  `minpoin` int(11) DEFAULT NULL,
  `maxpoin` int(11) DEFAULT NULL
) ENGINE=InnoDB DEFAULT CHARSET=latin1 COLLATE=latin1_swedish_ci;

--
-- Dumping data for table `bk_tindakan`
--

INSERT INTO `bk_tindakan` (`id`, `tindakan`, `ketentuan`, `minpoin`, `maxpoin`) VALUES
(2, 'SP1', 'Orang Tua akan dikirim Surat Peringatan ke 1 (SP1) atas tindakan pelanggaan oleh peserta didik', 35, 45),
(3, 'SP2', 'Orang Tua akan dikirim Surat Peringatan ke 2 (SP2) atas tindakan pelanggaan oleh peserta didik', 46, 74),
(4, 'SP3', 'Orang Tua akan dikirim Surat Peringatan ke 13(SP3) atas tindakan pelanggaan oleh peserta didik', 75, 100);

-- --------------------------------------------------------

--
-- Table structure for table `bulan`
--

CREATE TABLE `bulan` (
  `id` int(11) NOT NULL,
  `bln` varchar(5) CHARACTER SET utf8mb4 COLLATE utf8mb4_general_ci NOT NULL,
  `ket` varchar(50) CHARACTER SET utf8mb4 COLLATE utf8mb4_general_ci NOT NULL
) ENGINE=InnoDB DEFAULT CHARSET=latin1 COLLATE=latin1_swedish_ci;

--
-- Dumping data for table `bulan`
--

INSERT INTO `bulan` (`id`, `bln`, `ket`) VALUES
(1, '01', 'Januari'),
(2, '02', 'Februari'),
(3, '03', 'Maret'),
(4, '04', 'April'),
(5, '05', 'Mei'),
(6, '06', 'Juni'),
(7, '07', 'Juli'),
(8, '08', 'Agustus'),
(9, '09', 'September'),
(10, '10', 'Oktober'),
(11, '11', 'Nopember'),
(12, '12', 'Desember');

-- --------------------------------------------------------

--
-- Table structure for table `chating`
--

CREATE TABLE `chating` (
  `id` int(11) NOT NULL,
  `dari` int(11) NOT NULL,
  `isi` text NOT NULL,
  `untuk` int(11) NOT NULL,
  `waktu` varchar(50) NOT NULL,
  `status` int(11) NOT NULL DEFAULT 0,
  `materi` int(11) DEFAULT NULL
) ENGINE=InnoDB DEFAULT CHARSET=latin1 COLLATE=latin1_swedish_ci;

-- --------------------------------------------------------

--
-- Table structure for table `datareg`
--

CREATE TABLE `datareg` (
  `id` int(11) NOT NULL,
  `nokartu` varchar(50) DEFAULT NULL,
  `barkode` varchar(100) DEFAULT NULL,
  `idsiswa` int(11) DEFAULT NULL,
  `idpeg` int(11) DEFAULT NULL,
  `level` varchar(50) DEFAULT NULL,
  `nama` varchar(50) DEFAULT NULL,
  `idjari` int(11) DEFAULT NULL,
  `serial` varchar(50) NOT NULL
) ENGINE=InnoDB DEFAULT CHARSET=latin1 COLLATE=latin1_swedish_ci;

-- --------------------------------------------------------

--
-- Table structure for table `deskrip`
--

CREATE TABLE `deskrip` (
  `id` int(11) NOT NULL,
  `idguru` int(11) DEFAULT NULL,
  `tingkat` int(11) DEFAULT NULL,
  `kodemap` varchar(50) DEFAULT NULL,
  `deskripsi` varchar(150) DEFAULT NULL,
  `ket` varchar(50) DEFAULT NULL,
  `smt` int(11) DEFAULT NULL
) ENGINE=InnoDB DEFAULT CHARSET=latin1 COLLATE=latin1_swedish_ci;

-- --------------------------------------------------------

--
-- Table structure for table `download`
--

CREATE TABLE `download` (
  `id` int(11) NOT NULL,
  `idsiswa` int(11) DEFAULT NULL,
  `jenis` varchar(50) DEFAULT NULL,
  `waktu` varchar(50) DEFAULT NULL
) ENGINE=InnoDB DEFAULT CHARSET=latin1 COLLATE=latin1_swedish_ci;

-- --------------------------------------------------------

--
-- Table structure for table `file_pendukung`
--

CREATE TABLE `file_pendukung` (
  `id_file` int(11) NOT NULL,
  `id_bank` int(11) DEFAULT 0,
  `nama_file` varchar(50) DEFAULT NULL,
  `status_file` int(1) DEFAULT NULL
) ENGINE=InnoDB DEFAULT CHARSET=utf8mb3 COLLATE=utf8mb3_general_ci;

-- --------------------------------------------------------

--
-- Table structure for table `informasi`
--

CREATE TABLE `informasi` (
  `id` int(11) NOT NULL,
  `judul` varchar(50) DEFAULT NULL,
  `untuk` varchar(50) DEFAULT NULL,
  `isi` text DEFAULT NULL,
  `waktu` varchar(50) DEFAULT NULL
) ENGINE=InnoDB DEFAULT CHARSET=latin1 COLLATE=latin1_swedish_ci;

-- --------------------------------------------------------

--
-- Table structure for table `jadwal_mapel`
--

CREATE TABLE `jadwal_mapel` (
  `idj` int(11) NOT NULL,
  `kelas` varchar(50) DEFAULT NULL,
  `hari` varchar(50) NOT NULL,
  `dari` varchar(50) DEFAULT NULL,
  `sampai` varchar(50) DEFAULT NULL,
  `mapel` varchar(50) DEFAULT NULL,
  `jjm` int(11) DEFAULT NULL,
  `guru` int(11) DEFAULT NULL,
  `jenis` int(11) DEFAULT NULL,
  `honor` int(11) DEFAULT NULL
) ENGINE=InnoDB DEFAULT CHARSET=latin1 COLLATE=latin1_swedish_ci;

-- --------------------------------------------------------

--
-- Table structure for table `jadwal_rapor`
--

CREATE TABLE `jadwal_rapor` (
  `id` int(11) NOT NULL,
  `tingkat` int(11) DEFAULT NULL,
  `kelas` varchar(100) DEFAULT NULL,
  `idguru` int(11) DEFAULT NULL,
  `kurikulum` varchar(50) DEFAULT NULL,
  `kodemap` varchar(50) DEFAULT NULL,
  `jumkd` int(11) DEFAULT 0
) ENGINE=InnoDB DEFAULT CHARSET=latin1 COLLATE=latin1_swedish_ci;

-- --------------------------------------------------------

--
-- Table structure for table `jawaban`
--

CREATE TABLE `jawaban` (
  `id` int(11) NOT NULL,
  `id_siswa` int(11) DEFAULT NULL,
  `npsn` varchar(50) DEFAULT NULL,
  `id_bank` int(11) NOT NULL DEFAULT 0,
  `id_soal` int(11) NOT NULL DEFAULT 0,
  `id_ujian` int(11) NOT NULL DEFAULT 0,
  `jawaban` varchar(50) DEFAULT NULL,
  `jawabx` varchar(50) DEFAULT NULL,
  `jenis` int(1) NOT NULL,
  `esai` text DEFAULT NULL,
  `jawabmulti` text DEFAULT NULL,
  `jawabbs` text DEFAULT NULL,
  `jawaburut` text DEFAULT NULL,
  `bs1` varchar(5) DEFAULT NULL,
  `bs2` varchar(5) DEFAULT NULL,
  `bs3` varchar(5) DEFAULT NULL,
  `bs4` varchar(5) DEFAULT NULL,
  `bs5` varchar(5) DEFAULT NULL,
  `urut1` text DEFAULT NULL,
  `urut2` text DEFAULT NULL,
  `urut3` text DEFAULT NULL,
  `urut4` text DEFAULT NULL,
  `urut5` text DEFAULT NULL,
  `nilai_esai` int(5) NOT NULL DEFAULT 0,
  `ragu` int(1) NOT NULL DEFAULT 0,
  `status` int(11) DEFAULT NULL,
  `ket` varchar(50) DEFAULT NULL,
  `skor` int(11) DEFAULT NULL
) ENGINE=InnoDB DEFAULT CHARSET=latin1 COLLATE=latin1_swedish_ci;

-- --------------------------------------------------------

--
-- Table structure for table `jawaban_dup`
--

CREATE TABLE `jawaban_dup` (
  `id` int(11) NOT NULL,
  `id_siswa` int(11) DEFAULT NULL,
  `npsn` varchar(50) DEFAULT NULL,
  `id_bank` int(11) NOT NULL DEFAULT 0,
  `id_soal` int(11) NOT NULL DEFAULT 0,
  `id_ujian` int(11) NOT NULL DEFAULT 0,
  `jawaban` varchar(50) DEFAULT NULL,
  `jawabx` varchar(50) DEFAULT NULL,
  `jenis` int(1) NOT NULL,
  `esai` text DEFAULT NULL,
  `jawabmulti` text DEFAULT NULL,
  `jawabbs` text DEFAULT NULL,
  `jawaburut` text DEFAULT NULL,
  `bs1` varchar(5) DEFAULT NULL,
  `bs2` varchar(5) DEFAULT NULL,
  `bs3` varchar(5) DEFAULT NULL,
  `bs4` varchar(5) DEFAULT NULL,
  `bs5` varchar(5) DEFAULT NULL,
  `urut1` text DEFAULT NULL,
  `urut2` text DEFAULT NULL,
  `urut3` text DEFAULT NULL,
  `urut4` text DEFAULT NULL,
  `urut5` text DEFAULT NULL,
  `nilai_esai` int(5) NOT NULL DEFAULT 0,
  `ragu` int(1) NOT NULL DEFAULT 0,
  `status` int(11) DEFAULT NULL,
  `ket` varchar(50) DEFAULT NULL,
  `skor` int(11) DEFAULT NULL
) ENGINE=InnoDB DEFAULT CHARSET=latin1 COLLATE=latin1_swedish_ci;

-- --------------------------------------------------------

--
-- Table structure for table `jawaban_tugas`
--

CREATE TABLE `jawaban_tugas` (
  `id_jawaban` int(11) NOT NULL,
  `id_siswa` int(11) DEFAULT NULL,
  `id_tugas` int(11) DEFAULT NULL,
  `jawaban` longtext CHARACTER SET utf8mb3 COLLATE utf8mb3_general_ci DEFAULT NULL,
  `file` varchar(255) CHARACTER SET utf8mb3 COLLATE utf8mb3_general_ci DEFAULT NULL,
  `tgl_dikerjakan` datetime DEFAULT NULL,
  `tgl_update` timestamp NULL DEFAULT current_timestamp() ON UPDATE current_timestamp(),
  `nilai` varchar(5) CHARACTER SET utf8mb3 COLLATE utf8mb3_general_ci DEFAULT NULL,
  `status` int(1) DEFAULT NULL
) ENGINE=InnoDB DEFAULT CHARSET=latin1 COLLATE=latin1_swedish_ci;

-- --------------------------------------------------------

--
-- Table structure for table `jenis`
--

CREATE TABLE `jenis` (
  `id_jenis` varchar(30) NOT NULL,
  `nama` varchar(50) NOT NULL,
  `status` varchar(20) DEFAULT NULL
) ENGINE=InnoDB DEFAULT CHARSET=latin1 COLLATE=latin1_swedish_ci;

--
-- Dumping data for table `jenis`
--

INSERT INTO `jenis` (`id_jenis`, `nama`, `status`) VALUES
('PAS', 'Penilaian Akhir Semester', 'aktif'),
('PAT', 'Peilaian Akhir Tahun', 'aktif'),
('PTS', 'Penilaian Tengah Semester', 'aktif'),
('UH', 'Ulangan Harian', 'aktif');

-- --------------------------------------------------------

--
-- Table structure for table `jenis_sp`
--

CREATE TABLE `jenis_sp` (
  `id_sp` int(11) NOT NULL,
  `jenis` varchar(50) DEFAULT NULL,
  `jenjang` varchar(50) DEFAULT NULL,
  `ket` varchar(50) DEFAULT NULL
) ENGINE=InnoDB DEFAULT CHARSET=utf8mb4 COLLATE=utf8mb4_general_ci;

--
-- Dumping data for table `jenis_sp`
--

INSERT INTO `jenis_sp` (`id_sp`, `jenis`, `jenjang`, `ket`) VALUES
(1, 'REGULER', 'SD', 'SD/MI'),
(2, 'REGULER', 'SMP', 'SMP/MTs'),
(3, 'REGULER', 'SMA', 'SMA/MA'),
(4, 'REGULER', 'SMK', 'SMK'),
(5, 'PKBM', 'PAKET-A', 'KESETARAAN SD'),
(6, 'PKBM', 'PAKET-B', 'KESETARAAN SMP'),
(7, 'PKBM', 'PAKET-C', 'KESETARAAN SMA');

-- --------------------------------------------------------

--
-- Table structure for table `jodoh`
--

CREATE TABLE `jodoh` (
  `id_jawaban` int(11) NOT NULL,
  `id_siswa` int(11) DEFAULT NULL,
  `id_bank` int(11) NOT NULL DEFAULT 0,
  `id_soal` int(11) NOT NULL DEFAULT 0,
  `id_ujian` int(11) NOT NULL DEFAULT 0,
  `jenis` varchar(50) DEFAULT NULL,
  `jawaburut` text DEFAULT NULL
) ENGINE=InnoDB DEFAULT CHARSET=latin1 COLLATE=latin1_swedish_ci;

-- --------------------------------------------------------

--
-- Table structure for table `kelas`
--

CREATE TABLE `kelas` (
  `id` int(11) NOT NULL,
  `level` int(11) DEFAULT NULL,
  `kelas` varchar(50) DEFAULT NULL,
  `pk` varchar(50) DEFAULT 'semua',
  `kurikulum` varchar(50) DEFAULT NULL,
  `model_kkm` varchar(50) DEFAULT NULL,
  `model_rapor` int(11) DEFAULT NULL,
  `bidang` varchar(100) DEFAULT NULL,
  `program` varchar(100) DEFAULT NULL,
  `paket` varchar(50) DEFAULT NULL
) ENGINE=InnoDB DEFAULT CHARSET=latin1 COLLATE=latin1_swedish_ci;

--
-- Dumping data for table `kelas`
--

INSERT INTO `kelas` (`id`, `level`, `kelas`, `pk`, `kurikulum`, `model_kkm`, `model_rapor`, `bidang`, `program`, `paket`) VALUES
(1, 9, '9-A', 'semua', NULL, NULL, NULL, NULL, NULL, NULL),
(2, 9, '9-B', 'semua', NULL, NULL, NULL, NULL, NULL, NULL),
(3, 10, '10-TBSM', 'TBSM', NULL, NULL, NULL, NULL, NULL, NULL);

-- --------------------------------------------------------

--
-- Table structure for table `kunci_soal`
--

CREATE TABLE `kunci_soal` (
  `id_bank` int(11) DEFAULT NULL,
  `id_soal` int(11) DEFAULT NULL,
  `id_jawab` varchar(50) DEFAULT NULL,
  `jawaban` text DEFAULT NULL,
  `skor` int(11) DEFAULT NULL
) ENGINE=InnoDB DEFAULT CHARSET=latin1 COLLATE=latin1_swedish_ci;

-- --------------------------------------------------------

--
-- Table structure for table `level`
--

CREATE TABLE `level` (
  `id_level` int(11) NOT NULL,
  `level` int(11) DEFAULT NULL
) ENGINE=InnoDB DEFAULT CHARSET=latin1 COLLATE=latin1_swedish_ci;

--
-- Dumping data for table `level`
--

INSERT INTO `level` (`id_level`, `level`) VALUES
(9, 9),
(10, 10);

-- --------------------------------------------------------

--
-- Table structure for table `lingkup`
--

CREATE TABLE `lingkup` (
  `idl` int(11) NOT NULL,
  `tingkat` varchar(11) DEFAULT NULL,
  `lm` int(11) DEFAULT NULL,
  `kodemap` varchar(50) DEFAULT NULL,
  `materi` varchar(255) DEFAULT NULL,
  `idguru` int(11) DEFAULT NULL,
  `smt` int(11) DEFAULT NULL
) ENGINE=InnoDB DEFAULT CHARSET=latin1 COLLATE=latin1_swedish_ci;

-- --------------------------------------------------------

--
-- Table structure for table `log`
--

CREATE TABLE `log` (
  `id_log` int(11) NOT NULL,
  `id_siswa` int(11) NOT NULL,
  `type` varchar(20) NOT NULL,
  `text` varchar(20) NOT NULL,
  `date` varchar(20) NOT NULL
) ENGINE=InnoDB DEFAULT CHARSET=latin1 COLLATE=latin1_swedish_ci;

-- --------------------------------------------------------

--
-- Table structure for table `mapel_ijazah`
--

CREATE TABLE `mapel_ijazah` (
  `idmapel` int(11) NOT NULL,
  `tingkat` varchar(50) DEFAULT NULL,
  `jurusan` varchar(50) DEFAULT NULL,
  `kode` varchar(50) DEFAULT NULL,
  `namamapel` varchar(100) DEFAULT NULL,
  `kelompok` varchar(50) DEFAULT NULL,
  `urut` int(11) DEFAULT NULL
) ENGINE=InnoDB DEFAULT CHARSET=utf8mb4 COLLATE=utf8mb4_general_ci;

--
-- Dumping data for table `mapel_ijazah`
--

INSERT INTO `mapel_ijazah` (`idmapel`, `tingkat`, `jurusan`, `kode`, `namamapel`, `kelompok`, `urut`) VALUES
(1, '12', 'semua', 'PAI', 'Pendidikan Agama Islam', 'A', 1);

-- --------------------------------------------------------

--
-- Table structure for table `mapel_rapor`
--

CREATE TABLE `mapel_rapor` (
  `idm` int(11) NOT NULL,
  `urut` int(11) DEFAULT NULL,
  `kode` varchar(50) DEFAULT NULL,
  `tingkat` int(11) DEFAULT NULL,
  `pk` varchar(50) DEFAULT NULL,
  `kelompok` varchar(2) DEFAULT NULL,
  `kkm` int(11) DEFAULT NULL,
  `sikap` varchar(11) DEFAULT NULL,
  `kurikulum` varchar(50) DEFAULT NULL
) ENGINE=InnoDB DEFAULT CHARSET=latin1 COLLATE=latin1_swedish_ci;

-- --------------------------------------------------------

--
-- Table structure for table `mata_pelajaran`
--

CREATE TABLE `mata_pelajaran` (
  `id` int(11) NOT NULL,
  `kode` varchar(50) DEFAULT NULL,
  `nama_mapel` varchar(100) DEFAULT NULL,
  `pk` varchar(50) DEFAULT NULL
) ENGINE=InnoDB DEFAULT CHARSET=latin1 COLLATE=latin1_swedish_ci;

--
-- Dumping data for table `mata_pelajaran`
--

INSERT INTO `mata_pelajaran` (`id`, `kode`, `nama_mapel`, `pk`) VALUES
(1, 'PABD', 'Penddidikan Agama dan Budi Pekerti', 'Umum'),
(2, 'PPKn', 'Pendidikan Pancasila dan Kewarganegaraan', 'Umum'),
(3, 'BINDO', 'Bahasa Indonesia', 'Umum'),
(4, 'MTK', 'Matematika', 'Umum'),
(5, 'IPA', 'Ilmu Pengetahuan Alam', 'Umum'),
(6, 'IPS', 'Ilmu Pengetahuan Sosial', 'Umum'),
(7, 'BING', 'Bahasa Inggris', 'Umum'),
(8, 'PJOK', 'Pendidikan Jasmani Olahraga dan Kesehatan', 'Umum'),
(9, 'INFO', 'Informatika', 'Umum'),
(10, 'PRK', 'Prakarya', 'Umum'),
(11, 'BSUND', 'Bahasa Sunda', 'Umum'),
(12, 'TTL', 'Tekhnik tekhnik Logic', 'Elektro');

-- --------------------------------------------------------

--
-- Table structure for table `materi`
--

CREATE TABLE `materi` (
  `id_materi` int(255) NOT NULL,
  `id_guru` int(255) DEFAULT NULL,
  `kelas` text DEFAULT NULL,
  `mapel` varchar(255) DEFAULT NULL,
  `judul` text DEFAULT NULL,
  `materi` longtext DEFAULT NULL,
  `quiz` varchar(50) DEFAULT NULL,
  `file` varchar(255) DEFAULT NULL,
  `tgl_mulai` datetime NOT NULL,
  `youtube` varchar(255) DEFAULT NULL,
  `tgl` date DEFAULT NULL,
  `status` int(11) DEFAULT NULL
) ENGINE=InnoDB DEFAULT CHARSET=utf8mb3 COLLATE=utf8mb3_general_ci;

-- --------------------------------------------------------

--
-- Table structure for table `mode_rapor`
--

CREATE TABLE `mode_rapor` (
  `id` int(11) NOT NULL,
  `model` int(11) DEFAULT NULL,
  `ket` varchar(50) DEFAULT NULL,
  `kurikulum` varchar(50) DEFAULT NULL
) ENGINE=InnoDB DEFAULT CHARSET=latin1 COLLATE=latin1_swedish_ci;

--
-- Dumping data for table `mode_rapor`
--

INSERT INTO `mode_rapor` (`id`, `model`, `ket`, `kurikulum`) VALUES
(1, 1, 'Model 2016', 'K-2013'),
(2, 2, 'Model 2022', 'K-2013'),
(3, 3, 'Rapor K-Merdeka', 'K-Merdeka');

-- --------------------------------------------------------

--
-- Table structure for table `m_dimensi`
--

CREATE TABLE `m_dimensi` (
  `id_dimensi` int(11) NOT NULL,
  `dimensi` text DEFAULT NULL
) ENGINE=InnoDB DEFAULT CHARSET=latin1 COLLATE=latin1_swedish_ci;

--
-- Dumping data for table `m_dimensi`
--

INSERT INTO `m_dimensi` (`id_dimensi`, `dimensi`) VALUES
(1, 'Beriman, Bertakwa Kepada Tuhan Yang Maha Esa, dan Berakhlak Mulia'),
(2, 'Berkebhinekaan Global'),
(3, 'Bergotong-Royong'),
(4, 'Mandiri'),
(5, 'Bernalar Kritis'),
(6, 'Kreatif');

-- --------------------------------------------------------

--
-- Table structure for table `m_elemen`
--

CREATE TABLE `m_elemen` (
  `id_elemen` int(11) NOT NULL,
  `iddimensi` int(11) NOT NULL,
  `elemen` varchar(100) NOT NULL
) ENGINE=InnoDB DEFAULT CHARSET=latin1 COLLATE=latin1_swedish_ci;

--
-- Dumping data for table `m_elemen`
--

INSERT INTO `m_elemen` (`id_elemen`, `iddimensi`, `elemen`) VALUES
(1, 1, 'Akhlak Beragama'),
(2, 1, 'Akhlak Pribadi'),
(3, 1, 'Akhlak Kepada Manusia'),
(4, 1, 'Akhlak Kepada Alam'),
(5, 1, 'Akhlak Bernegara'),
(6, 2, 'Mengenal dan menghargai budaya'),
(7, 2, 'Komunikasi dan interaksi antar budaya'),
(8, 2, 'Refleksi dan bertanggung jawab terhadap pengalaman kebinekaan'),
(9, 2, 'Berkeadilan Sosial'),
(10, 3, 'Kolaborasi'),
(11, 3, 'Kepedulian'),
(12, 3, 'Berbagi'),
(13, 4, 'Pemahaman diri dan situasi yang dihadap'),
(14, 4, 'Regulasi Diri'),
(15, 5, 'Memperoleh dan memproses informasi dan gagasan'),
(16, 5, 'Menganalisis dan mengevaluasi penalaran dan prosedurnya'),
(17, 5, 'Refleksi pemikiran dan proses berpikir'),
(18, 6, 'Menghasilkan gagasan yang orisinal'),
(19, 6, 'Menghasilkan karya dan tindakan yang orisinal'),
(20, 6, 'Memiliki keluwesan berpikir dalam mencari alternatif solusi permasalahan');

-- --------------------------------------------------------

--
-- Table structure for table `m_eskul`
--

CREATE TABLE `m_eskul` (
  `id` int(11) NOT NULL,
  `ekstra` varchar(50) DEFAULT NULL
) ENGINE=InnoDB DEFAULT CHARSET=latin1 COLLATE=latin1_swedish_ci;

-- --------------------------------------------------------

--
-- Table structure for table `m_hari`
--

CREATE TABLE `m_hari` (
  `idh` int(11) NOT NULL,
  `hari` varchar(50) NOT NULL,
  `inggris` varchar(50) NOT NULL
) ENGINE=InnoDB DEFAULT CHARSET=latin1 COLLATE=latin1_swedish_ci;

--
-- Dumping data for table `m_hari`
--

INSERT INTO `m_hari` (`idh`, `hari`, `inggris`) VALUES
(1, 'Senin', 'Mon'),
(2, 'Selasa', 'Tue'),
(3, 'Rabu', 'Wed'),
(4, 'Kamis', 'Thu'),
(5, 'Jumat', 'Fri'),
(6, 'Sabtu', 'Sat'),
(7, 'Minggu', 'mon');

-- --------------------------------------------------------

--
-- Table structure for table `m_kelompok`
--

CREATE TABLE `m_kelompok` (
  `id` int(11) NOT NULL,
  `jenjang` varchar(50) DEFAULT NULL,
  `kode` varchar(50) DEFAULT NULL,
  `ket` varchar(100) DEFAULT NULL
) ENGINE=InnoDB DEFAULT CHARSET=latin1 COLLATE=latin1_swedish_ci;

--
-- Dumping data for table `m_kelompok`
--

INSERT INTO `m_kelompok` (`id`, `jenjang`, `kode`, `ket`) VALUES
(1, 'SD', 'A', NULL),
(2, 'SD', 'B', NULL);

-- --------------------------------------------------------

--
-- Table structure for table `m_nilai_proyek`
--

CREATE TABLE `m_nilai_proyek` (
  `nilai` varchar(3) NOT NULL,
  `ket` varchar(50) DEFAULT NULL
) ENGINE=InnoDB DEFAULT CHARSET=latin1 COLLATE=latin1_swedish_ci;

--
-- Dumping data for table `m_nilai_proyek`
--

INSERT INTO `m_nilai_proyek` (`nilai`, `ket`) VALUES
('BB', 'Belum Berkembang'),
('BSH', 'Berkembang Sesuai Harapan'),
('MB', 'Mulai Berkembang'),
('SB', 'Sangat Berkembang');

-- --------------------------------------------------------

--
-- Table structure for table `m_pesan`
--

CREATE TABLE `m_pesan` (
  `id` int(11) NOT NULL,
  `pesan1` text DEFAULT NULL,
  `pesan2` text DEFAULT NULL,
  `pesan3` text DEFAULT NULL,
  `pesan4` text DEFAULT NULL,
  `ket` varchar(50) DEFAULT NULL
) ENGINE=InnoDB DEFAULT CHARSET=latin1 COLLATE=latin1_swedish_ci;

--
-- Dumping data for table `m_pesan`
--

INSERT INTO `m_pesan` (`id`, `pesan1`, `pesan2`, `pesan3`, `pesan4`, `ket`) VALUES
(1, 'Assalamualaikum wr.wb', 'Kami informasikan Bahwa Anda', 'Telah hadir dalam KBM SMP BANTUR 2 menggunakan Absesi Digital RFID pada ', 'Demikian Informasi kami sampaikan untuk menjadi Sarana Monitoring Orang Tua Siswa terhadap putra putrinya. Terima kasih dan salam hangat dari Kami,Pesan ini tidak perlu dibalas dikirim via *SERVER WA GATEWAY SMPN 2 BANTUR*', NULL),
(2, 'Assalamualaikum wr.wb', 'Kami informasikan Bahwa Anda', 'Telah selesai melaksanakan KBM SMP BANTUR 2 menggunakan Absesi Digital RFID pada', 'Demikian Informasi kami sampaikan untuk menjadi Sarana Monitoring Orang Tua Siswa terhadap putra putrinya. Terima kasih dan salam hangat dari Kami,Pesan ini tidak perlu dibalas dikirim via *SERVER WA GATEWAY SMPN 2 BANTUR*', NULL),
(3, 'Assalamualaikum wr.wb', 'Kami informasikan kepada Kepala Sekolah SMPN 2 BANTUR Bahwa Sdr/i', 'Telah hadir dalam KBM SMPN 2 BANTUR menggunakan Absesi Digital RFID pada ', 'Demikian Informasi kami sampaikan untuk menjadi Sarana Monitoring Kepala Sekolah terhadap para pegawai. Terima kasih dan salam hangat dari Kami,Pesan ini tidak perlu dibalas dikirim via *SERVER WA GATEWAY SMPN 2 BANTUR*', NULL),
(4, 'Assalamualaikum wr.wb', 'Kami informasikan kepada Kepala Sekolah SMPN 2 BANTUR Bahwa Sdr/i', 'Telah selesai dalam KBM SMPN 2 BANTUR menggunakan Absesi Digital RFID pada ', 'Demikian Informasi kami sampaikan untuk menjadi Sarana Monitoring Kepala Sekolah terhadap para pegawai. Terima kasih dan salam hangat dari Kami,Pesan ini tidak perlu dibalas dikirim via *SERVER WA GATEWAY SMPN 2 BANTUR*', NULL);

-- --------------------------------------------------------

--
-- Table structure for table `m_proyek`
--

CREATE TABLE `m_proyek` (
  `id` int(11) NOT NULL,
  `ke` varchar(50) NOT NULL,
  `tingkat` varchar(50) DEFAULT NULL,
  `fase` varchar(1) DEFAULT NULL,
  `kelas` varchar(50) DEFAULT NULL,
  `judul` text DEFAULT NULL,
  `deskripsi` text DEFAULT NULL,
  `semester` int(11) DEFAULT NULL
) ENGINE=InnoDB DEFAULT CHARSET=latin1 COLLATE=latin1_swedish_ci;

-- --------------------------------------------------------

--
-- Table structure for table `m_spiritual`
--

CREATE TABLE `m_spiritual` (
  `id` int(11) NOT NULL,
  `ket` text DEFAULT NULL
) ENGINE=InnoDB DEFAULT CHARSET=latin1 COLLATE=latin1_swedish_ci;

--
-- Dumping data for table `m_spiritual`
--

INSERT INTO `m_spiritual` (`id`, `ket`) VALUES
(1, 'berdoa sebelum dan sesudah melakukan kegiatan'),
(2, 'menjalankan ibadah sesuai dengan agamanya'),
(3, 'memberi salam pada saat awal dan akhir kegiatan'),
(4, 'bersyukur atas nikmat dan karunia Tuhan Yang Maha Esa'),
(5, 'bersyukur ketika berhasil mengerjakan sesuatu'),
(6, 'berserah diri (tawakal) kepada Tuhan setelah berikhtiar atau melakukan usaha'),
(7, 'memelihara hubungan baik dengan sesama umat');

-- --------------------------------------------------------

--
-- Table structure for table `m_sub_elemen`
--

CREATE TABLE `m_sub_elemen` (
  `id_sub` int(11) NOT NULL,
  `iddimensi` int(11) NOT NULL,
  `idelemen` int(11) NOT NULL,
  `sub_elemen` varchar(100) NOT NULL,
  `A` text DEFAULT NULL,
  `B` text DEFAULT NULL,
  `C` text DEFAULT NULL,
  `D` text DEFAULT NULL,
  `E` text DEFAULT NULL
) ENGINE=InnoDB DEFAULT CHARSET=latin1 COLLATE=latin1_swedish_ci;

--
-- Dumping data for table `m_sub_elemen`
--

INSERT INTO `m_sub_elemen` (`id_sub`, `iddimensi`, `idelemen`, `sub_elemen`, `A`, `B`, `C`, `D`, `E`) VALUES
(1, 1, 1, 'Mengenal dan Mencintai Tuhan Yang Maha Esa', 'Mengenali sifat-sifat utama Tuhan bahwa Ia Maha Esa dan Ia adalah Sang Pencipta yang Maha Pengasih dan Maha Penyayang dan mengenali kebaikan dirinya sebagai cerminan sifat Tuhan', 'Memahami sifat-sifat Tuhan utama lainnya dan mengaitkan sifatsifat tersebut dengan konsep dirinya dan ciptaan-Nya', 'Memahami berbagai kualitas atau sifat-sifat Tuhan yang diutarakan dalam kitab suci agama masing-masing dan menghubungkan kualitas-kualitas positif Tuhan dengan sikap pribadinya, serta meyakini firman Tuhan sebagai kebenaran', 'Memahami kehadiran Tuhan dalam kehidupan sehari-hari serta mengaitkan pemahamannya tentang kualitas atau sifat-sifat Tuhan dengan konsep peran manusia di bumi sebagai makhluk Tuhan yang bertanggung jawab', 'Menerapkan pemahamannya tentang kualitas atau sifat-sifat Tuhan dalam ritual ibadahnya baik ibadah yang bersifat personal maupun sosial.'),
(2, 1, 1, 'Pemahaman Agama/Kepercayaan', 'Mengenali unsur-unsur utama agama/kepercayaan (ajaran, ritual keagamaan, kitab suci, dan orang suci/ utusan Tuhan YME).', 'Mengenali unsur-unsur utama agama/kepercayaan (simbol-simbol keagamaan dan sejarah agama/ kepercayaan)', 'Memahami berbagai kualitas atau sifat-sifat Tuhan yang diutarakan dalam kitab suci agama masing-masing dan menghubungkan kualitas-kualitas positif Tuhan dengan sikap pribadinya, serta meyakini firman Tuhan sebagai kebenaran', 'Memahami kehadiran Tuhan dalam kehidupan sehari-hari serta mengaitkan pemahamannya tentang kualitas atau sifat-sifat Tuhan dengan konsep peran manusia di bumi sebagai makhluk Tuhan yang bertanggung jawab', 'Memahami struktur organisasi, unsur-unsur utama agama /kepercayaan dalam konteks Indonesia, memahami kontribusi agama/kepercayaan terhadap peradaban dunia.'),
(3, 1, 1, 'Pelaksanaan Ritual Ibadah', 'Terbiasa melaksanakan ibadah sesuai ajaran agama/kepercayaannya', 'Terbiasa melaksanakan ibadah wajib sesuai tuntunan agama/kepercayaannya', 'Melaksanakan ibadah secara rutin sesuai dengan tuntunan agama/kepercayaan, berdoa mandiri, merayakan, dan memahami makna hari-hari besarnya', 'Melaksanakan ibadah secara rutin dan mandiri sesuai dengan tuntunan agama/kepercayaan, serta berpartisipasi pada perayaan hari-hari besarnya\r\n', 'Melaksanakan ibadah secara rutin dan mandiri serta menyadari arti penting ibadah tersebut dan berpartisipasi aktif pada kegiatan keagamaan atau kepercayaan'),
(4, 1, 2, 'Integritas', 'Membiasakan bersikap jujur terhadap diri sendiri dan orang lain dan berani menyampaikan kebenaran atau fakta', 'Membiasakan melakukan refleksi tentang pentingnya bersikap jujur dan berani menyampaikan kebenaran atau fakta', 'Berani dan konsisten menyampaikan kebenaran atau fakta serta memahami konsekuensi-konsekuensinya untuk diri sendiri', 'Berani dan konsisten menyampaikan kebenaran atau fakta serta memahami konsekuensi-konsekuensinya untuk diri sendiri dan orang lain', 'Menyadari bahwa aturan agama dan sosial merupakan aturan yang baik dan menjadi bagian dari diri sehingga bisa menerapkannya secara bijak dan kontekstual'),
(5, 1, 2, 'Merawat Diri secara Fisik, Mental dan Spiritual', 'Memiliki rutinitas sederhana yang diatur secara mandiri dan dijalankan sehari-hari serta menjaga kesehatan dan keselamatan/keamanan diri dalam semua aktivitas kesehariannya.\r\n', 'Mulai membiasakan diri untuk disiplin, rapi, membersihkan dan merawat tubuh, menjaga tingkah laku dan perkataan dalam semua aktivitas kesehariannya', 'Memperhatikan kesehatan jasmani, mental, dan rohani dengan melakukan aktivitas fisik, sosial, dan ibadah', 'Mengidentifikasi pentingnya menjaga keseimbangan kesehatan jasmani, mental, dan rohani serta berupaya menyeimbangkan aktivitas fisik, sosial dan ibadah', 'Melakukan aktivitas fisik, sosial, dan ibadah secara seimbang.'),
(6, 1, 3, 'Mengutamakan persamaan dengan orang lain dan menghargai perbedaan', 'Mengenali hal-hal yang sama dan berbeda yang dimiliki diri dan temannya dalam berbagai hal, serta memberikan respon secara positif.', 'Terbiasa mengidentifikasi hal-hal yang sama dan berbeda yang dimiliki diri dan temannya dalam berbagai hal serta memberikan respon secara positif.', 'Mengidentifikasi kesamaan dengan orang lain sebagai perekat hubungan sosial dan mewujudkannya dalam aktivitas kelompok. Mulai mengenal berbagai kemungkinan interpretasi dan cara pandang yang berbeda ketika dihadapkan dengan dilema.', 'Mengenal perspektif dan emosi/perasaan dari sudut pandang orang atau kelompok lain yang tidak pernah dijumpai atau dikenalnya. Mengutamakan persamaan dan menghargai perbedaan sebagai alat pemersatu dalam keadaan konflik atau perdebatan.', 'Mengidentifikasi hal yang menjadi permasalahan bersama, memberikan alternatif solusi untuk menjembatani perbedaan dengan mengutamakan kemanusiaan.'),
(7, 1, 3, 'Berempati kepada orang lain', 'Mengidentifikasi emosi, minat dan kebutuhan orang-orang terdekat dan meresponnya secara positif.', 'Terbiasa memberikan apresiasi di lingkungan sekolah dan masyarakat', 'Mulai memandang sesuatu dari perspektif orang lain serta mengidentifikasi kebaikan dan kelebihan orang sekitarnya.', 'Memahami perasaan dan sudut pandang orang dan/atau kelompok lain yang tidak pernah dikenalnya', 'Memahami dan menghargai perasaan dan sudut pandang orang dan/atau kelompok lain.'),
(8, 1, 4, 'Memahami Keterhubungan Ekosistem Bumi', 'Mengidentifikasi berbagai ciptaan Tuhan', 'Memahami keterhubungan antara satu ciptaan dengan ciptaan Tuhan yang lainnya', 'Memahami konsep harmoni dan mengidentifikasi adanya saling ketergantungan antara berbagai ciptaan Tuhan', 'Memahami konsep sebab-akibat di antara berbagai ciptaan Tuhan dan mengidentifikasi berbagai sebab yang mempunyai dampak baik atau buruk, langsung maupun tidak langsung, terhadap alam semesta.\r\n', 'Mengidentifikasi masalah lingkungan hidup di tempat ia tinggal dan melakukan langkah-langkah konkrit yang bisa dilakukan untuk menghindari kerusakan dan menjaga keharmonisan ekosistem yang ada di lingkungannya.'),
(9, 1, 4, 'Menjaga Lingkungan Alam Sekitar', 'Membiasakan bersyukur atas lingkungan alam sekitar dan berlatih untuk menjaganya\r\n', 'Terbiasa memahami tindakan-tindakan yang ramah dan tidak ramah lingkungan serta membiasakan diri untuk berperilaku ramah lingkungan\r\n', 'Mewujudkan rasa syukur dengan terbiasa berperilaku ramah lingkungan dan memahami akibat perbuatan tidak ramah lingkungan dalam lingkup kecil maupun besar.\r\n', 'Mewujudkan rasa syukur dengan berinisiatif untuk menyelesaikan permasalahan lingkungan alam sekitarnya dengan mengajukan alternatif solusi dan mulai menerapkan solusi tersebut.\r\n', 'Mewujudkan rasa syukur dengan membangun kesadaran peduli lingkungan alam dengan menciptakan dan mengimplementasikan solusi dari permasalahan lingkungan yang ada.'),
(10, 1, 5, 'Melaksanakan Hak dan Kewajiban sebagai Warga Negara Indonesia', 'Mengidentifikasi hak dan tanggung jawabnya di rumah, sekolah, dan lingkungan sekitar serta kaitannya dengan keimanan kepada Tuhan YME.\r\n\r\n', 'Mengidentifikasi hak dan tanggung jawab orang-orang di sekitarnya serta kaitannya dengan keimanan kepada Tuhan YME.\r\n', 'Mengidentifikasi dan memahami peran, hak, dan kewajiban dasar sebagai warga negara serta kaitannya dengan keimanan kepada Tuhan YME dan secara sadar mempraktikkannya dalam kehidupan sehari-hari.\r\n', 'Menganalisa peran, hak, dan kewajiban sebagai warga negara, memahami perlunya mengutamakan kepentingan umum di atas kepentingan pribadi sebagai wujud dari keimanannya kepada Tuhan YME.\r\n', 'Memperoleh hak dan melaksanakan kewajiban kewarganegaraan dan terbiasa mendahulukan kepentingan umum di atas kepentingan pribadi sebagai wujud dari keimanannya kepada Tuhan YME.'),
(11, 2, 6, 'Mendalami budaya dan identitas budaya', 'Mengidentifikasi dan mendeskripsikan ide-ide tentang dirinya dan beberapa macam kelompok di lingkungan sekitarnya\r\n', 'Mengidentifikasi dan mendeskripsikan ide-ide tentang dirinya dan berbagai macam kelompok di lingkungan sekitarnya, serta cara orang lain berperilaku dan berkomunikasi dengannya.\r\n', 'Mengidentifikasi dan mendeskripsikan keragaman budaya di sekitarnya; serta menjelaskan peran budaya dan Bahasa dalam membentuk identitas dirinya.\r\n', 'Menjelaskan perubahan budaya seiring waktu dan sesuai konteks, baik dalam skala lokal, regional, dan nasional. Menjelaskan identitas diri yang terbentuk dari budaya bangsa.\r\n', 'Menganalisis pengaruh keanggotaan kelompok lokal, regional, nasional, dan global terhadap pembentukan identitas, termasuk identitas dirinya. Mulai menginternalisasi identitas diri sebagai bagian dari budaya bangsa.'),
(12, 2, 6, 'Mengeksplorasi dan membandingkan pengetahuan budaya, kepercayaan, serta praktiknya', 'Mengidentifikasi dan mendeskripsikan praktik keseharian diri dan budayanya\r\n', 'Mengidentifikasi dan membandingkan praktik keseharian diri dan budayanya dengan orang lain di tempat dan waktu/era yang berbeda.\r\n', 'Mendeskripsikan dan membandingkan pengetahuan, kepercayaan, dan praktik dari berbagai kelompok budaya.\r\n', 'Memahami dinamika budaya yang mencakup pemahaman, kepercayaan, dan praktik keseharian dalam konteks personal dan sosial.\r\n', 'Menganalisis dinamika budaya yang mencakup pemahaman, kepercayaan, dan praktik keseharian dalam rentang waktu yang panjang dan konteks yang luas.'),
(13, 2, 6, 'Menumbuhkan rasa menghormati terhadap keanekaragaman budaya', 'Mendeskripsikan pengalaman dan pemahaman hidup bersama-sama dalam kemajemukan.\r\n', 'Memahami bahwa kemajemukan dapat memberikan kesempatan untuk mendapatkan pengalaman dan pemahaman yang baru.\r\n', 'Mengidentifikasi peluang dan tantangan yang muncul dari keragaman budaya di Indonesia.\r\n', 'Memahami pentingnya melestarikan dan merayakan tradisi budaya untuk mengembangkan identitas pribadi, sosial, dan bangsa Indonesia serta mulai berupaya melestarikan budaya dalam kehidupan sehari-hari.\r\n', 'Memahami pentingnya saling menghormati dalam mempromosikan pertukaran budaya dan kolaborasi dalam dunia yang saling terhubung serta menunjukkannya dalam perilaku.'),
(14, 2, 7, 'Berkomunikasi antar budaya', 'Mengenali bahwa diri dan orang lain menggunakan kata, gambar, dan bahasa tubuh yang dapat memiliki makna yang berbeda di lingkungan sekitarnya\r\n', 'Mendeskripsikan penggunaan kata, tulisan dan bahasa tubuh yang memiliki makna yang berbeda di lingkungan sekitarnya dan dalam suatu budaya tertentu.\r\n', 'Memahami persamaan dan perbedaan cara komunikasi baik di dalam maupun antar kelompok budaya.\r\n', 'Mengeksplorasi pengaruh budaya terhadap penggunaan bahasa serta dapat mengenali risiko dalam berkomunikasi antar budaya.\r\n', 'Menganalisis hubungan antara bahasa, pikiran, dan konteks untuk memahami dan meningkatkan komunikasi antar budaya yang berbeda-beda.'),
(15, 2, 7, 'Mempertimbangkan dan menumbuhkan berbagai perspektif', 'Mengekspresikan pandangannya terhadap topik yang umum dan mendengarkan sudut pandang orang lain yang berbeda dari dirinya dalam lingkungan keluarga dan sekolah\r\n', 'Mengekspresikan pandangannya terhadap topik yang umum dan dapat mengidentifikasi sudut pandang orang lain. Mendengarkan dan membayangkan sudut pandang orang lain yang berbeda dari dirinya pada situasi di ranah sekolah, keluarga, dan lingkungan sekitar.\r\n', 'Membandingkan beragam perspektif untuk memahami permasalahan sehari-hari. Membayangkan dan mendeskripsikan situasi komunitas yang berbeda dengan dirinya ke dalam situasi dirinya dalam konteks lokal dan regional.\r\n', 'Menjelaskan asumsi-asumsi yang mendasari perspektif tertentu. Membayangkan dan mendeskripsikan perasaan serta motivasi komunitas yang berbeda dengan dirinya yang berada dalam situasi yang sulit.\r\n', 'Menyajikan pandangan yang seimbang mengenai permasalahan yang dapat menimbulkan pertentangan pendapat. Memperlakukan orang lain dan budaya yang berbeda darinya dalam posisi setara dengan diri dan budayanya, serta bersedia memberikan pertolongan ketika orang lain berada dalam situasi sulit.'),
(16, 2, 8, 'Refleksi terhadap pengalaman kebinekaan', 'Menyebutkan apa yang telah dipelajari tentang orang lain dari interaksinya dengan kemajemukan budaya di lingkungan sekolah dan rumah\r\n', 'Menyebutkan apa yang telah dipelajari tentang orang lain dari interaksinya dengan kemajemukan budaya di lingkungan sekitar.\r\n', 'Menjelaskan apa yang telah dipelajari dari interaksi dan pengalaman dirinya dalam lingkungan yang beragam.\r\n', 'Merefleksikan secara kritis gambaran berbagai kelompok budaya yang ditemui dan cara meresponnya.\r\n', 'Merefleksikan secara kritis dampak dari pengalaman hidup di lingkungan yang beragam terkait dengan perilaku, kepercayaan serta tindakannya terhadap orang lain.'),
(17, 2, 8, 'Menghilangkan stereotip dan prasangka', 'Mengenali perbedaan tiap orang atau kelompok dan menganggapnya sebagai kewajaran\r\n', 'Mengkonfirmasi dan mengklarifikasi stereotip dan prasangka yang dimilikinya tentang orang atau kelompokdi sekitarnya untuk mendapatkan pemahaman yang lebih baik\r\n', 'Mengkonfirmasi dan mengklarifikasi stereotip dan prasangka yang dimilikinya tentang orang atau kelompok di sekitarnya untuk mendapatkan pemahaman yang lebih baik serta mengidentifikasi pengaruhnya terhadap individu dan kelompok di lingkungan sekitarnya\r\n', 'Mengkonfirmasi, mengklarifikasi dan menunjukkan sikapmenolak stereotip serta prasangka tentang gambaran identitas kelompok dan suku bangsa.\r\n', 'Mengkritik dan menolak stereotip serta prasangka tentang gambaran identitas kelompok dan suku bangsa serta berinisiatif mengajak orang lain untuk menolak stereotip dan prasangka.'),
(18, 2, 8, 'Menyelaraskan perbedaan budaya', 'Mengidentifikasi perbedaan-perbedaan budaya yang konkrit di lingkungan sekitar\r\n', 'Mengenali bahwa perbedaan budaya mempengaruhi pemahaman antarindividu.\r\n', 'Mencari titik temu nilai budaya yang beragam untuk menyelesaikan permasalahan bersama.\r\n', 'Mengkonfirmasi, mengklarifikasi dan menunjukkan sikapmenolak stereotip serta prasangka tentang gambaran identitas kelompok dan suku bangsa.\r\n', 'Mengetahui tantangan dan keuntungan hidup dalam lingkungan dengan budaya yang beragam, serta memahami pentingnya kerukunan antar budaya dalam kehidupan bersama yang harmonis.'),
(19, 2, 9, 'Aktif membangun masyarakat yang inklusif, adil, dan berkelanjutan\r\n', 'Menjalin pertemanan tanpa memandang perbedaan agama, suku, ras, jenis kelamin, dan perbedaan lainnya, dan mengenal masalah-masalah sosial, ekonomi, dan lingkungan di lingkungan sekitarnya\r\n', 'Mengidentifikasi cara berkontribusi terhadap lingkungan sekolah, rumah dan lingkungan sekitarnya yang inklusif, adil dan berkelanjutan\r\n', 'Membandingkan beberapa tindakan dan praktik perbaikan lingkungan sekolah yang inklusif, adil, dan berkelanjutan, dengan mempertimbangkan dampaknya secara jangka panjang terhadap manusia, alam, dan masyarakat\r\n', 'Mengidentifikasi masalah yang ada di sekitarnya sebagai akibat dari pilihan yang dilakukan oleh manusia, serta dampak masalah tersebut terhadap sistem ekonomi, sosial dan lingkungan, serta mencari solusi yang memperhatikan prinsip-prinsip keadilan terhadap manusia, alam dan masyarakat\r\n', 'Berinisiatif melakukan suatu tindakan berdasarkan identifikasi masalah untuk mempromosikan keadilan, keamanan ekonomi, menopang ekologi dan demokrasi sambil menghindari kerugian jangka panjang terhadap manusia, alam ataupun masyarakat.\r\n'),
(20, 2, 9, 'Berpartisipasi dalam proses pengambilan keputusan bersama', 'Mengidentifikasi pilihan-pilihan berdasarkan kebutuhan dirinya dan orang lain ketika membuat keputusan\r\n', 'Berpartisipasi menentukan beberapa pilihan untuk keperluan bersama berdasarkan kriteria sederhana\r\n', 'Berpartisipasi dalam menentukan kriteria yang disepakati bersama untuk menentukan pilihan dan keputusan untuk kepentingan bersama\r\n', 'Berpartisipasi dalam menentukan kriteria dan metode yang disepakati bersama untuk menentukan pilihan dan keputusan untuk kepentingan bersama melalui proses bertukar pikiran secara cermat dan terbuka dengan panduan pendidik\r\n', 'Berpartisipasi menentukan pilihan dan keputusan untuk kepentingan bersama melalui proses bertukar pikiran secara cermat dan terbuka secara mandiri\r\n'),
(21, 2, 9, 'Memahami peran individu dalam demokrasi', 'Mengidentifikasi peran, hak dan kewajiban warga dalam masyarakat demokratis\r\n', 'Memahami konsep hak dan kewajiban, serta implikasinya terhadap perilakunya.\r\n', 'Memahami konsep hak dan kewajiban, serta implikasinya terhadap perilakunya. Menggunakan konsep ini untuk menjelaskan perilaku diri dan orang sekitarnya\r\n', 'Memahami konsep hak dan kewajiban serta implikasinya terhadap ekspresi dan perilakunya. Mulai aktif mengambil sikap dan langkah untuk melindungi hak orang/kelompok lain.\r\n', 'Memahami konsep hak dan kewajiban, serta implikasinya terhadap ekspresi dan perilakunya. Mulai mencari solusi untuk dilema terkait konsep hak dan kewajibannya.\r\n'),
(22, 3, 10, 'Kerja sama', 'Menerima dan melaksanakan tugas serta peran yang diberikan kelompok dalam sebuah kegiatan bersama.\r\n', 'Menampilkan tindakan yang sesuai dengan harapan dan tujuan kelompok.\r\n', 'Menunjukkan ekspektasi (harapan) positif kepada orang lain dalam rangka mencapai tujuan kelompok di lingkungan sekitar (sekolah dan rumah).\r\n', 'Menyelaraskan tindakan sendiri dengan tindakan orang lain untuk melaksanakan kegiatan dan mencapai tujuan kelompok di lingkungan sekitar, serta memberi semangat kepada orang lain untuk bekerja efektif dan mencapai tujuan bersama.\r\n', 'Membangun tim dan mengelola kerjasama untuk mencapai tujuan bersama sesuai dengan target yang sudah ditentukan.\r\n'),
(23, 3, 10, 'Komunikasi untuk mencapai tujuan bersama', 'Memahami informasi sederhana dari orang lain dan menyampaikan informasi sederhana kepada orang lain menggunakan kata-katanya sendiri.\r\n', 'Memahami informasi yang disampaikan (ungkapan pikiran, perasaan, dan keprihatinan) orang lain dan menyampaikan informasi secara akurat menggunakan berbagai simbol dan media\r\n', 'Memahami informasi dari berbagai sumber dan menyampaikan pesan menggunakan berbagai simbol dan media secara efektif kepada orang lain untuk mencapai tujuan bersama\r\n', 'Memahami informasi, gagasan, emosi, keterampilan dan keprihatinan yang diungkapkan oleh orang lain menggunakan berbagai simbol dan media secara efektif, serta memanfaatkannya untuk meningkatkan kualitas hubungan interpersonal guna mencapai tujuan bersama.\r\n', 'Aktif menyimak untuk memahami dan menganalisis informasi, gagasan, emosi, keterampilan dan keprihatinan yang disampaikan oleh orang lain dan kelompok menggunakan berbagai simbol dan media secara efektif, serta menggunakan berbagai strategi komunikasi untuk menyelesaikan masalah guna mencapai berbagai tujuan bersama.\r\n'),
(24, 3, 10, 'Saling-ketergantungan positif', 'Mengenali kebutuhan-kebutuhan diri sendiri yang memerlukan orang lain dalam pemenuhannya.\r\n', 'Menyadari bahwa setiap orang membutuhkan orang lain dalam memenuhi kebutuhannya dan perlunya saling membantu\r\n', 'Menyadari bahwa meskipun setiap orang memiliki otonominya masing-masing, setiap orang membutuhkan orang lain dalam memenuhi kebutuhannya.\r\n', 'Mendemonstrasikan kegiatan kelompok yang menunjukkan bahwa anggota kelompok dengan kelebihan dan kekurangannya masing-masing perlu dan dapat saling membantu memenuhi kebutuhan.\r\n', 'Menyelaraskan kapasitas kelompok agar para anggota kelompok dapat saling membantu satu sama lain memenuhi kebutuhan mereka baik secara individual maupun kolektif.\r\n'),
(25, 3, 10, 'Koordinasi Sosial', 'Melaksanakan aktivitas kelompok sesuai dengan kesepakatan bersama dengan bimbingan, dan saling mengingatkan adanya kesepakatan tersebut.\r\n', 'Menyadari bahwa dirinya memiliki peran yang berbeda dengan orang lain/temannya, serta mengetahui konsekuensi perannya terhadap ketercapaian tujuan.\r\n', 'Menyelaraskan tindakannya sesuai dengan perannya dan mempertimbangkan peran orang lain untuk mencapai tujuan bersama.\r\n', 'Membagi peran dan menyelaraskan tindakan dalam kelompok serta menjaga tindakan agar selaras untuk mencapai tujuan bersama.\r\n', 'Menyelaraskan dan menjaga tindakan diri dan anggota kelompok agar sesuai antara satu dengan lainnya serta menerima konsekuensi tindakannya dalam rangka mencapai tujuan bersama.\r\n'),
(26, 3, 11, 'Tanggap terhadap lingkungan Sosial', 'Peka dan mengapresiasi orang-orang di lingkungan sekitar, kemudian melakukan tindakan sederhana untuk mengungkapkannya.\r\n', 'Peka dan mengapresiasi orang-orang di lingkungan sekitar, kemudian melakukan tindakan untuk menjaga keselarasan dalam berelasi dengan orang lain.\r\n', 'Tanggap terhadap lingkungan sosial sesuai dengan tuntutan peran sosialnya dan menjaga keselarasan dalam berelasi dengan orang lain.\r\n', 'Tanggap terhadap lingkungan sosial sesuai dengan tuntutan peran sosialnya dan berkontribusi sesuai dengan kebutuhan masyarakat.\r\n', 'Tanggap terhadap lingkungan sosial sesuai dengan tuntutan peran sosialnya dan berkontribusi sesuai dengan kebutuhan masyarakat untuk menghasilkan keadaan yang lebih baik.\r\n'),
(27, 3, 11, 'Persepsi sosial', 'Mengenali berbagai reaksi orang lain di lingkungan sekitar dan penyebabnya.\r\n', 'Memahami berbagai alasan orang lain menampilkan respon tertentu\r\n', 'Menerapkan pengetahuan mengenai berbagai reaksi orang lain dan penyebabnya dalam konteks keluarga, sekolah, serta pertemanan dengan sebaya.\r\n', 'Menggunakan pengetahuan tentang sebab dan alasan orang lain menampilkan reaksi tertentu untuk menentukan tindakan yang tepat agar orang lain menampilkan respon yang diharapkan.\r\n', 'Melakukan tindakan yang tepat agar orang lain merespon sesuai dengan yang diharapkan dalam rangka penyelesaian pekerjaan dan pencapaian tujuan.\r\n'),
(28, 3, 12, 'Berbagi', 'Memberi dan menerima hal yang dianggap berharga dan penting kepada/dari orang-orang di lingkungan sekitar.\r\n', '\"\r\nMemberi dan menerima hal yang dianggap penting dan berharga kepada/dari orang-orang di lingkungan sekitar baik yang dikenal maupun tidak dikenal.\"\r\n', 'Memberi dan menerima hal yang dianggap penting dan berharga kepada/dari orang-orang di lingkungan luas/masyarakat baik yang dikenal maupun tidak dikenal.\r\n', '\"\r\nMengupayakan memberi hal yang dianggap penting dan berharga kepada masyarakat yang membutuhkan bantuan di sekitar tempat tinggal\"\r\n', 'Mengupayakan memberi hal yang dianggap penting dan berharga kepada orang-orang yang membutuhkan di masyarakat yang lebih luas (negara, dunia).\r\n'),
(29, 4, 13, 'Mengenali kualitas dan minat diri serta tantangan yang dihadapi', 'Mengidentifikasi dan menggambarkan kemampuan, prestasi, dan ketertarikannya secara subjektif\r\n', 'Mengidentifikasi kemampuan, prestasi, dan ketertarikannya serta tantangan yang dihadapi berdasarkan kejadian-kejadian yang dialaminya dalam kehidupan sehari-hari.\r\n', 'Menggambarkan pengaruh kualitas dirinya terhadap pelaksanaan dan hasil belajar; serta mengidentifikasi kemampuan yang ingin dikembangkan dengan mempertimbangkan tantangan yang dihadapinya dan umpan balik dari orang dewasa\r\n', 'Membuat penilaian yang realistis terhadap kemampuan dan minat , serta prioritas pengembangan diri berdasarkan pengalaman belajar dan aktivitas lain yang dilakukannya.\r\n', 'Mengidentifikasi kekuatan dan tantangan-tantangan yang akan dihadapi pada konteks pembelajaran, sosial dan pekerjaan yang akan dipilihnya di masa depan.\r\n'),
(30, 4, 13, 'Mengembangkan refleksi diri', 'Melakukan refleksi untuk mengidentifikasi kekuatan dan kelemahan, serta prestasi dirinya.\r\n', 'Melakukan refleksi untuk mengidentifikasi kekuatan, kelemahan, dan prestasi dirinya, serta situasi yang dapat mendukung dan menghambat pembelajaran dan pengembangan dirinya\r\n', 'Melakukan refleksi untuk mengidentifikasi faktor-faktor di dalam maupun di luar dirinya yang dapat mendukung/menghambatnya dalam belajar dan mengembangkan diri; serta mengidentifikasi cara-cara untuk mengatasi kekurangannya.\r\n', 'Memonitor kemajuan belajar yang dicapai serta memprediksi tantangan pribadi dan akademik yang akan muncul berlandaskan pada pengalamannya untuk mempertimbangkan strategi belajar yang sesuai.\r\n', 'Melakukan refleksi terhadap umpan balik dari teman, guru, dan orang dewasa lainnya, serta informasi-informasi karir yang akan dipilihnya untuk menganalisis karakteristik dan keterampilan yang dibutuhkan dalam menunjang atau menghambat karirnya di masa depan.\r\n'),
(31, 4, 14, 'Regulasi emosi', 'Mengidentifikasi perbedaan emosi yang dirasakannya dan situasi-situasi yang menyebabkan-nya; serta mengekspresi-kan secara wajar\r\n', 'Mengetahui adanya pengaruh orang lain, situasi, dan peristiwa yang terjadi terhadap emosi yang dirasakannya; serta berupaya untuk mengekspresikan emosi secara tepat dengan mempertimbangkan perasaan dan kebutuhan orang lain disekitarnya\r\n', 'Memahami perbedaan emosi yang dirasakan dan dampaknya terhadap proses belajar dan interaksinya dengan orang lain; serta mencoba cara-cara yang sesuai untuk mengelola emosi agar dapat menunjang aktivitas belajar dan interaksinya dengan orang lain.\r\n', 'Memahami dan memprediksi konsekuensi dari emosi dan pengekspresiannya dan menyusun langkah-langkah untuk mengelola emosinya dalam pelaksanaan belajar dan berinteraksi dengan orang lain.\r\n', 'Mengendalikan dan menyesuaikan emosi yang dirasakannya secara tepat ketika menghadapi situasi yang menantang dan menekan pada konteks belajar, relasi, dan pekerjaan.\r\n'),
(32, 4, 14, 'Penetapan tujuan belajar, prestasi, dan pengembangan diri serta rencana strategis untuk mencapainya', 'Menetapkan target belajar dan merencanakan waktu dan tindakan belajar yang akan dilakukannya.\r\n', 'Menjelaskan pentingnya memiliki tujuan dan berkomitmen dalam mencapainya serta mengeksplorasi langkah-langkah yang sesuai untuk mencapainya\r\n', 'Menilai faktor-faktor (kekuatan dan kelemahan) yang ada pada dirinya dalam upaya mencapai tujuan belajar, prestasi, dan pengembangan dirinya serta mencoba berbagai strategi untuk mencapainya.\r\n', 'Merancang strategi yang sesuai untuk menunjang pencapaian tujuan belajar, prestasi, dan pengembangan diri dengan mempertimbangkan kekuatan dan kelemahan dirinya, serta situasi yang dihadapi.\r\n', 'Mengevaluasi efektivitas strategi pembelajaran digunakannya, serta menetapkan tujuan belajar, prestasi, dan pengembangan diri secara spesifik dan merancang strategi yang sesuai untuk menghadapi tantangan-tantangan yang akan dihadapi pada konteks pembelajaran, sosial dan pekerjaan yang akan dipilihnya di masa depan.\r\n'),
(33, 4, 14, 'Menunjukkan inisiatif dan bekerja secara mandiri', 'Berinisiatif untuk mengerjakan tugas-tugas rutin secara mandiri dibawah pengawasan dan dukungan orang dewasa\r\n', 'Mempertimbangkan, memilih dan mengadopsi berbagai strategi dan mengidentifikasi sumber bantuan yang diperlukan serta berinisiatif menjalankannya untuk mendapatkan hasil belajar yang diinginkan.\r\n', 'Memahami arti penting bekerja secara mandiri serta inisiatif untuk melakukannya dalam menunjang pembelajaran dan pengembangan dirinya\r\n', 'Mengkritisi efektivitas dirinya dalam bekerja secara mandiri dengan mengidentifikasi hal-hal yang menunjang maupun menghambat dalam mencapai tujuan.\r\n', 'Menentukan prioritas pribadi, berinisiatif mencari dan mengembangkan pengetahuan dan keterampilan yang spesifik sesuai tujuan di masa depan.\r\n'),
(34, 4, 14, 'Mengembangkan pengendalian dan disiplin diri', 'Melaksanakan kegiatan belajar di kelas dan menyelesaikan tugas-tugas dalam waktu yang telah disepakati.\r\n', 'Menjelaskan pentingnya mengatur diri secara mandiri dan mulai menjalankan kegiatan dan tugas yang telah sepakati secara mandiri\r\n', 'Mengidentifikasi faktor-faktor yang dapat mempengaruhi kemampuan dalam mengelola diri dalam pelaksanaan aktivitas belajar dan pengembangan dirinya.\r\n', 'Berkomitmen dan menjaga konsistensi pencapaian tujuan yang telah direncanakannya untuk mencapai tujuan belajar dan pengembangan diri yang diharapkannya\r\n', 'Melakukan tindakan-tindakan secara konsisten guna mencapai tujuan karir dan pengembangan dirinya di masa depan, serta berusaha mencari dan melakukan alternatif tindakan lain yang dapat dilakukan ketika menemui hambatan.\r\n'),
(35, 4, 14, 'Percaya diri, tangguh (resilient), dan adaptif', 'Berani mencoba dan adaptif menghadapi situasi baru serta bertahan mengerjakan tugas-tugas yang disepakati hingga tuntas\r\n', 'Tetap bertahan mengerjakan tugas ketika dihadapkan dengan tantangan dan berusaha menyesuaikan strateginya ketika upaya sebelumnya tidak berhasil.\r\n', 'Menyusun, menyesuaikan, dan mengujicobakan berbagai strategi dan cara kerjanya untuk membantu dirinya dalam penyelesaian tugas yang menantang\r\n', 'Membuat rencana baru dengan mengadaptasi, dan memodifikasi strategi yang sudah dibuat ketika upaya sebelumnya tidak berhasil, serta menjalankan kembali tugasnya dengan keyakinan baru.\r\n', 'Menyesuaikan dan mulai menjalankan rencana dan strategi pengembangan dirinya dengan mempertimbangkan minat dan tuntutan pada konteks belajar maupun pekerjaan yang akan dijalaninya di masa depan, serta berusaha untuk mengatasi tantangan-tantangan yang ditemui.\r\n\r\n\r\nProfil Pelajar Pancasila\r\nPilih Fase\r\n\r\n\r\nFase E\r\n\r\nDimensi & Elemen\r\nBeriman, Bertakwa Kepada Tuhan Yang Maha Esa, dan Berakhlak Mulia\r\nBerkebinekaan Global\r\nBergotong-Royong\r\nMandiri\r\nElemen\r\n\r\n\r\nPemahaman diri dan situasi yang dihadapi\r\n\r\n\r\nRegulasi Diri\r\n\r\nBernalar Kritis\r\nKreatif\"\r\n'),
(36, 5, 15, 'Mengajukan pertanyaan', 'Mengajukan pertanyaan untuk menjawab keingintahuannya dan untuk mengidentifikasi suatu permasalahan mengenai dirinya dan lingkungan sekitarnya.\r\n', 'Mengajukan pertanyaan untuk mengidentifikasi suatu permasalahan dan mengkonfirmasi pemahaman terhadap suatu permasalahan mengenai dirinya dan lingkungan sekitarnya.\r\n', 'Mengajukan pertanyaan untuk membandingkan berbagai informasi dan untuk menambah pengetahuannya.\r\n', 'Mengajukan pertanyaan untuk klarifikasi dan interpretasi informasi, serta mencari tahu penyebab dan konsekuensi dari informasi tersebut.\r\n', 'Mengajukan pertanyaan untuk menganalisis secara kritis permasalahan yang kompleks dan abstrak.\r\n'),
(37, 5, 15, 'Mengidentifikasi, mengklarifikasi, dan mengolah informasi dan gagasan', 'Mengidentifikasi dan mengolah informasi dan gagasan\r\n', 'Mengumpulkan, mengklasifikasikan, membandingkan dan memilih informasi dan gagasan dari berbagai sumber.\r\n', 'Mengumpulkan, mengklasifikasikan, membandingkan, dan memilih informasi dari berbagai sumber, serta memperjelas informasi dengan bimbingan orang dewasa.\r\n', 'Mengidentifikasi, mengklarifikasi, dan menganalisis informasi yang relevan serta memprioritaskan beberapa gagasan tertentu.\r\n', 'Secara kritis mengklarifikasi serta menganalisis gagasan dan informasi yang kompleks dan abstrak dari berbagai sumber. Memprioritaskan suatu gagasan yang paling relevan dari hasil klarifikasi dan analisis.\r\n'),
(38, 5, 16, 'Menganalisis dan mengevaluasi penalaran dan prosedurnya', 'Melakukan penalaran konkrit dan memberikan alasan dalam menyelesaikan masalah dan mengambil keputusan\r\n', 'Menjelaskan alasan yang relevan dalam penyelesaian masalah dan pengambilan keputusan\r\n', 'Menjelaskan alasan yang relevan dan akurat dalam penyelesaian masalah dan pengambilan keputusan\r\n', 'Membuktikan penalaran dengan berbagai argumen dalam mengambil suatu simpulan atau keputusan.\r\n', 'Menganalisis dan mengevaluasi penalaran yang digunakannya dalam menemukan dan mencari solusi serta mengambil keputusan.\r\n'),
(39, 5, 17, 'Merefleksi dan mengevaluasi pemikirannya sendiri', 'Menyampaikan apa yang sedang dipikirkan secara terperinci\r\n', 'Menyampaikan apa yang sedang dipikirkan dan menjelaskan alasan dari hal yang dipikirkan\r\n', 'Memberikan alasan dari hal yang dipikirkan, serta menyadari kemungkinan adanya bias pada pemikirannya sendiri\r\n\r\nProfil Pelajar Pancasila\r\nPilih Fase\r\n\r\n\r\nFase C\r\n\r\nDimensi & Elemen\"\r\n', 'Menjelaskan asumsi yang digunakan, menyadari kecenderungan dan konsekuensi bias pada pemikirannya, serta berusaha mempertimbangkan perspektif yang berbeda.\r\n', 'Menjelaskan alasan untuk mendukung pemikirannya dan memikirkan pandangan yang mungkin berlawanan dengan pemikirannya dan mengubah pemikirannya jika diperlukan.\r\n'),
(40, 6, 18, 'Menghasilkan gagasan yang orisinal', 'Menggabungkan beberapa gagasan menjadi ide atau gagasan imajinatif yang bermakna untuk mengekspresikan pikiran dan/atau perasaannya.\r\n', 'Memunculkan gagasan imajinatif baru yang bermakna dari beberapa gagasan yang berbeda sebagai ekspresi pikiran dan/atau perasaannya.\r\n', 'Mengembangkan gagasan yang ia miliki untuk membuat kombinasi hal yang baru dan imajinatif untuk mengekspresikan pikiran dan/atau perasaannya.\r\n', 'Menghubungkan gagasan yang ia miliki dengan informasi atau gagasan baru untuk menghasilkan kombinasi gagasan baru dan imajinatif untuk mengekspresikan pikiran dan/atau perasaannya.\r\n', 'Menghasilkan gagasan yang beragam untuk mengekspresikan pikiran dan/atau perasaannya, menilai gagasannya, serta memikirkan segala risikonya dengan mempertimbangkan banyak perspektif seperti etika dan nilai kemanusiaan ketika gagasannya direalisasikan.\r\n'),
(41, 6, 19, 'Menghasilkan karya dan tindakan yang orisinal', 'Mengeksplorasi dan mengekspresikan pikiran dan/atau perasaannya dalam bentuk karya dan/atau tindakan serta mengapresiasi karya dan tindakan yang dihasilkan\r\n', 'Mengeksplorasi dan mengekspresikan pikiran dan/atau perasaannya sesuai dengan minat dan kesukaannya dalam bentuk karya dan/atau tindakan serta mengapresiasi karya dan tindakan yang dihasilkan\r\n', 'Mengeksplorasi dan mengekspresikan pikiran dan/atau perasaannya sesuai dengan minat dan kesukaannya dalam bentuk karya dan/atau tindakan serta mengapresiasi dan mengkritik karya dan tindakan yang dihasilkan\r\n', 'Mengeksplorasi dan mengekspresikan pikiran dan/atau perasaannya dalam bentuk karya dan/atau tindakan, serta mengevaluasinya dan mempertimbangkan dampaknya bagi orang lain\r\n', 'Mengeksplorasi dan mengekspresikan pikiran dan/atau perasaannya dalam bentuk karya dan/atau tindakan, serta mengevaluasinya dan mempertimbangkan dampak dan risikonya bagi diri dan lingkungannya dengan menggunakan berbagai perspektif.\r\n'),
(42, 6, 20, 'Memiliki keluwesan berpikir dalam mencari alternatif solusi permasalahan', 'Mengidentifikasi gagasan-gagasan kreatif untuk menghadapi situasi dan permasalahan.\r\n', 'Membandingkan gagasan-gagasan kreatif untuk menghadapi situasi dan permasalahan.\r\n', 'berupaya mencari solusi alternatif saat pendekatan yang diambil tidak berhasil berdasarkan identifikasi terhadap situasi\r\n', 'Menghasilkan solusi alternatif dengan mengadaptasi berbagai gagasan dan umpan balik untuk menghadapi situasi dan permasalahan\r\n', 'Bereksperimen dengan berbagai pilihan secara kreatif untuk memodifikasi gagasan sesuai dengan perubahan situasi.\r\n');

-- --------------------------------------------------------

--
-- Table structure for table `nilai`
--

CREATE TABLE `nilai` (
  `id_nilai` int(11) NOT NULL,
  `idn` int(11) DEFAULT NULL,
  `id_ujian` int(11) DEFAULT NULL,
  `id_bank` int(11) DEFAULT NULL,
  `id_siswa` int(11) DEFAULT NULL,
  `npsn` varchar(50) DEFAULT NULL,
  `kode_ujian` varchar(30) DEFAULT NULL,
  `ujian_mulai` varchar(20) DEFAULT NULL,
  `ujian_berlangsung` varchar(20) DEFAULT NULL,
  `ujian_selesai` varchar(20) DEFAULT NULL,
  `jml_benar` int(10) DEFAULT NULL,
  `benar_esai` int(11) NOT NULL DEFAULT 0,
  `benar_multi` int(11) NOT NULL DEFAULT 0,
  `benar_bs` int(11) NOT NULL DEFAULT 0,
  `benar_urut` int(11) NOT NULL DEFAULT 0,
  `skor` varchar(255) DEFAULT NULL,
  `skor_esai` varchar(255) DEFAULT NULL,
  `skor_multi` varchar(255) DEFAULT NULL,
  `skor_bs` varchar(255) DEFAULT NULL,
  `skor_urut` varchar(255) DEFAULT NULL,
  `total` varchar(255) DEFAULT NULL,
  `status` int(1) DEFAULT NULL,
  `ipaddress` varchar(20) DEFAULT NULL,
  `hasil` int(11) DEFAULT 1,
  `jawaban` text DEFAULT NULL,
  `jawaban_esai` longtext DEFAULT NULL,
  `jawaban_multi` text DEFAULT NULL,
  `jawaban_bs` text DEFAULT NULL,
  `jawaban_urut` text DEFAULT NULL,
  `nilai_esai` int(11) DEFAULT NULL,
  `nilai_esai2` text DEFAULT NULL,
  `online` int(1) NOT NULL DEFAULT 0,
  `id_soal` longtext DEFAULT NULL,
  `id_opsi` longtext DEFAULT NULL,
  `id_esai` text DEFAULT NULL,
  `blok` int(1) NOT NULL DEFAULT 0,
  `server` varchar(50) DEFAULT NULL,
  `browser` int(11) DEFAULT 0,
  `jenis_browser` varchar(50) DEFAULT NULL,
  `jumsoal` int(11) DEFAULT NULL,
  `jumjawab` int(11) DEFAULT NULL
) ENGINE=InnoDB DEFAULT CHARSET=latin1 COLLATE=latin1_swedish_ci;

-- --------------------------------------------------------

--
-- Table structure for table `nilai_formatif`
--

CREATE TABLE `nilai_formatif` (
  `id` int(11) NOT NULL,
  `nis` varchar(50) DEFAULT NULL,
  `kelas` varchar(50) DEFAULT NULL,
  `kode` varchar(50) DEFAULT NULL,
  `tinggi` longtext DEFAULT NULL,
  `rendah` longtext DEFAULT NULL
) ENGINE=InnoDB DEFAULT CHARSET=latin1 COLLATE=latin1_swedish_ci;

-- --------------------------------------------------------

--
-- Table structure for table `nilai_harian`
--

CREATE TABLE `nilai_harian` (
  `idn` int(11) NOT NULL,
  `tanggal` date NOT NULL,
  `idsiswa` int(11) DEFAULT NULL,
  `nilai` varchar(11) DEFAULT NULL,
  `kd` varchar(50) DEFAULT NULL,
  `kurikulum` varchar(50) DEFAULT NULL,
  `kode` varchar(50) DEFAULT NULL,
  `guru` int(11) DEFAULT NULL,
  `tp` varchar(11) DEFAULT NULL,
  `mapel` varchar(50) DEFAULT NULL,
  `kelas` varchar(50) DEFAULT NULL
) ENGINE=InnoDB DEFAULT CHARSET=latin1 COLLATE=latin1_swedish_ci;

-- --------------------------------------------------------

--
-- Table structure for table `nilai_proses`
--

CREATE TABLE `nilai_proses` (
  `idpros` int(11) NOT NULL,
  `idsiswa` int(11) DEFAULT NULL,
  `kelas` varchar(50) DEFAULT NULL,
  `proyek_ke` varchar(50) DEFAULT NULL,
  `catatan` text DEFAULT NULL,
  `semester` int(11) DEFAULT NULL
) ENGINE=InnoDB DEFAULT CHARSET=latin1 COLLATE=latin1_swedish_ci;

-- --------------------------------------------------------

--
-- Table structure for table `nilai_proyek`
--

CREATE TABLE `nilai_proyek` (
  `idn` int(11) NOT NULL,
  `kelas` varchar(50) DEFAULT NULL,
  `idsiswa` int(11) DEFAULT NULL,
  `idproyek` int(11) DEFAULT NULL,
  `proyek` int(11) DEFAULT NULL,
  `nilai` varchar(5) DEFAULT NULL,
  `semester` int(11) DEFAULT NULL
) ENGINE=InnoDB DEFAULT CHARSET=latin1 COLLATE=latin1_swedish_ci;

-- --------------------------------------------------------

--
-- Table structure for table `nilai_rapor`
--

CREATE TABLE `nilai_rapor` (
  `id` int(11) NOT NULL,
  `kelas` varchar(50) DEFAULT NULL,
  `nis` varchar(50) DEFAULT NULL,
  `kode` varchar(50) DEFAULT NULL,
  `nilai3` int(11) DEFAULT NULL,
  `desmin3` text DEFAULT NULL,
  `desmax3` text DEFAULT NULL,
  `nilai4` int(11) DEFAULT NULL,
  `desmin4` text DEFAULT NULL,
  `desmax4` text DEFAULT NULL,
  `idguru` int(11) DEFAULT NULL,
  `waktu_nilai` date DEFAULT NULL,
  `waktu_deskrip` date DEFAULT NULL
) ENGINE=InnoDB DEFAULT CHARSET=latin1 COLLATE=latin1_swedish_ci;

-- --------------------------------------------------------

--
-- Table structure for table `nilai_skl`
--

CREATE TABLE `nilai_skl` (
  `id` int(11) NOT NULL,
  `kelas` varchar(50) DEFAULT NULL,
  `nis` varchar(50) DEFAULT NULL,
  `mapel` varchar(50) DEFAULT NULL,
  `semester` varchar(11) DEFAULT NULL,
  `nilai_p` int(11) DEFAULT NULL,
  `nilai_k` int(11) DEFAULT NULL
) ENGINE=InnoDB DEFAULT CHARSET=utf8mb4 COLLATE=utf8mb4_general_ci;

-- --------------------------------------------------------

--
-- Table structure for table `nilai_sku`
--

CREATE TABLE `nilai_sku` (
  `id_sku` int(11) NOT NULL,
  `kelas` varchar(50) DEFAULT NULL,
  `nis` varchar(50) DEFAULT NULL,
  `idpk` varchar(50) DEFAULT NULL,
  `kode` varchar(50) DEFAULT NULL,
  `nilai` int(11) NOT NULL
) ENGINE=InnoDB DEFAULT CHARSET=utf8mb4 COLLATE=utf8mb4_general_ci;

-- --------------------------------------------------------

--
-- Table structure for table `nilai_sumatif`
--

CREATE TABLE `nilai_sumatif` (
  `id` int(11) NOT NULL,
  `nis` varchar(50) DEFAULT NULL,
  `kelas` varchar(50) DEFAULT NULL,
  `kode` varchar(50) DEFAULT NULL,
  `nilai` int(11) DEFAULT NULL,
  `ket` varchar(50) DEFAULT NULL,
  `khp` varchar(50) DEFAULT NULL,
  `idguru` int(11) DEFAULT NULL
) ENGINE=InnoDB DEFAULT CHARSET=latin1 COLLATE=latin1_swedish_ci;

-- --------------------------------------------------------

--
-- Table structure for table `nilai_ujian`
--

CREATE TABLE `nilai_ujian` (
  `id` int(11) NOT NULL,
  `kelas` varchar(50) DEFAULT NULL,
  `nis` varchar(50) DEFAULT NULL,
  `mapel` varchar(50) DEFAULT NULL,
  `teori` int(11) DEFAULT NULL,
  `praktek` int(11) DEFAULT NULL
) ENGINE=InnoDB DEFAULT CHARSET=utf8mb4 COLLATE=utf8mb4_general_ci;

-- --------------------------------------------------------

--
-- Table structure for table `pesan_terkirim`
--

CREATE TABLE `pesan_terkirim` (
  `id` int(11) NOT NULL,
  `tanggal` varchar(50) DEFAULT NULL,
  `nowa` varchar(13) DEFAULT NULL,
  `pesan` text DEFAULT NULL
) ENGINE=InnoDB DEFAULT CHARSET=latin1 COLLATE=latin1_swedish_ci;

--
-- Dumping data for table `pesan_terkirim`
--

INSERT INTO `pesan_terkirim` (`id`, `tanggal`, `nowa`, `pesan`) VALUES
(1, '21 Apr 2024 11:22:22', '082319737025', 'Tes Server.....');

-- --------------------------------------------------------

--
-- Table structure for table `pk`
--

CREATE TABLE `pk` (
  `no` int(11) NOT NULL,
  `id_pk` varchar(100) NOT NULL,
  `pk` varchar(50) NOT NULL
) ENGINE=InnoDB DEFAULT CHARSET=latin1 COLLATE=latin1_swedish_ci;

--
-- Dumping data for table `pk`
--

INSERT INTO `pk` (`no`, `id_pk`, `pk`) VALUES
(1, 'semua', 'semua'),
(2, 'TBSM', 'TBSM');

-- --------------------------------------------------------

--
-- Table structure for table `pkl`
--

CREATE TABLE `pkl` (
  `id` int(11) NOT NULL,
  `kelas` varchar(50) DEFAULT NULL,
  `nis` varchar(50) DEFAULT NULL,
  `mitra` varchar(255) DEFAULT NULL,
  `lokasi` varchar(255) DEFAULT NULL,
  `lama` varchar(50) DEFAULT NULL,
  `ket` text DEFAULT NULL
) ENGINE=InnoDB DEFAULT CHARSET=utf8mb4 COLLATE=utf8mb4_general_ci;

-- --------------------------------------------------------

--
-- Table structure for table `prestasi`
--

CREATE TABLE `prestasi` (
  `id` int(11) NOT NULL,
  `nis` varchar(50) DEFAULT NULL,
  `jenis` varchar(100) DEFAULT NULL,
  `ket` text DEFAULT NULL
) ENGINE=InnoDB DEFAULT CHARSET=latin1 COLLATE=latin1_swedish_ci;

-- --------------------------------------------------------

--
-- Table structure for table `proyek`
--

CREATE TABLE `proyek` (
  `idp` int(11) NOT NULL,
  `kelas` varchar(50) DEFAULT NULL,
  `p_proyek` int(11) NOT NULL,
  `p_dimensi` int(11) NOT NULL,
  `p_elemen` int(11) NOT NULL,
  `p_sub` int(11) NOT NULL,
  `semester` int(11) DEFAULT NULL
) ENGINE=InnoDB DEFAULT CHARSET=latin1 COLLATE=latin1_swedish_ci;

-- --------------------------------------------------------

--
-- Table structure for table `reset`
--

CREATE TABLE `reset` (
  `id` int(11) NOT NULL,
  `idsiswa` int(11) DEFAULT NULL,
  `idnilai` int(11) DEFAULT NULL,
  `idujian` int(11) DEFAULT NULL
) ENGINE=InnoDB DEFAULT CHARSET=latin1 COLLATE=latin1_swedish_ci;

-- --------------------------------------------------------

--
-- Table structure for table `reset_andro`
--

CREATE TABLE `reset_andro` (
  `id` int(11) NOT NULL,
  `idsiswa` int(11) DEFAULT NULL,
  `nama` varchar(50) DEFAULT NULL,
  `sts` int(11) NOT NULL DEFAULT 0,
  `waktu` varchar(50) DEFAULT NULL
) ENGINE=InnoDB DEFAULT CHARSET=utf8mb4 COLLATE=utf8mb4_general_ci;

-- --------------------------------------------------------

--
-- Table structure for table `ruang`
--

CREATE TABLE `ruang` (
  `kode_ruang` varchar(10) NOT NULL,
  `keterangan` varchar(30) NOT NULL
) ENGINE=InnoDB DEFAULT CHARSET=latin1 COLLATE=latin1_swedish_ci;

-- --------------------------------------------------------

--
-- Table structure for table `savsoft_options`
--

CREATE TABLE `savsoft_options` (
  `oid` int(11) NOT NULL,
  `qid` int(11) NOT NULL,
  `q_option` text NOT NULL,
  `q_option_match` varchar(1000) DEFAULT NULL,
  `score` float NOT NULL DEFAULT 0
) ENGINE=InnoDB DEFAULT CHARSET=utf8mb3 COLLATE=utf8mb3_general_ci;

-- --------------------------------------------------------

--
-- Table structure for table `savsoft_qbank`
--

CREATE TABLE `savsoft_qbank` (
  `qid` int(11) NOT NULL,
  `question_type` varchar(100) NOT NULL DEFAULT 'Multiple Choice Single Answer',
  `question` text NOT NULL,
  `description` text NOT NULL,
  `cid` int(11) NOT NULL,
  `lid` int(11) NOT NULL,
  `no_time_served` int(11) NOT NULL DEFAULT 0,
  `no_time_corrected` int(11) NOT NULL DEFAULT 0,
  `no_time_incorrected` int(11) NOT NULL DEFAULT 0,
  `no_time_unattempted` int(11) NOT NULL DEFAULT 0
) ENGINE=InnoDB DEFAULT CHARSET=utf8mb3 COLLATE=utf8mb3_general_ci;

-- --------------------------------------------------------

--
-- Table structure for table `sesi`
--

CREATE TABLE `sesi` (
  `kode_sesi` varchar(10) NOT NULL,
  `nama_sesi` varchar(30) NOT NULL
) ENGINE=InnoDB DEFAULT CHARSET=latin1 COLLATE=latin1_swedish_ci;

--
-- Dumping data for table `sesi`
--

INSERT INTO `sesi` (`kode_sesi`, `nama_sesi`) VALUES
('1', '1');

-- --------------------------------------------------------

--
-- Table structure for table `sinkron`
--

CREATE TABLE `sinkron` (
  `id` int(11) NOT NULL,
  `npsn` varchar(50) DEFAULT NULL,
  `waktu` varchar(50) DEFAULT NULL,
  `sts` int(11) NOT NULL DEFAULT 1
) ENGINE=InnoDB DEFAULT CHARSET=utf8mb4 COLLATE=utf8mb4_general_ci;

-- --------------------------------------------------------

--
-- Table structure for table `siswa_alumni`
--

CREATE TABLE `siswa_alumni` (
  `id_siswa` int(11) NOT NULL,
  `nis` varchar(50) DEFAULT NULL,
  `nisn` varchar(50) DEFAULT NULL,
  `nama` varchar(50) DEFAULT NULL,
  `kelas` varchar(50) DEFAULT NULL,
  `pk` varchar(50) DEFAULT NULL,
  `jk` varchar(1) DEFAULT NULL,
  `agama` varchar(50) DEFAULT NULL,
  `t_lahir` varchar(50) DEFAULT NULL,
  `tgl_lahir` varchar(50) DEFAULT NULL,
  `alamat` varchar(50) DEFAULT NULL,
  `desa` varchar(50) DEFAULT NULL,
  `kecamatan` varchar(50) DEFAULT NULL,
  `kabupaten` varchar(50) DEFAULT NULL,
  `ayah` varchar(50) DEFAULT NULL,
  `ibu` varchar(50) DEFAULT NULL,
  `tahun_lulus` varchar(50) DEFAULT NULL
) ENGINE=InnoDB DEFAULT CHARSET=latin1 COLLATE=latin1_swedish_ci;

--
-- Dumping data for table `siswa_alumni`
--

INSERT INTO `siswa_alumni` (`id_siswa`, `nis`, `nisn`, `nama`, `kelas`, `pk`, `jk`, `agama`, `t_lahir`, `tgl_lahir`, `alamat`, `desa`, `kecamatan`, `kabupaten`, `ayah`, `ibu`, `tahun_lulus`) VALUES
(1, '123551', '', 'FEBRY FAJAR FADILAH', '9-A', 'semua', 'P', 'Islam', 'Cianjur', '12 Agustus 2010', '', '', '', '', '', '', '2024'),
(2, '123552', '', 'FIHAN IMAYSHA', '9-A', 'semua', 'L', 'Islam', 'Cianjur', '12 Agustus 2010', '', '', '', '', '', '', '2024'),
(3, '123553', '', 'GEA ANGGITA WIDODO', '9-A', 'semua', 'L', 'Islam', 'Cianjur', '12 Agustus 2010', '', '', '', '', '', '', '2024'),
(4, '123554', '', 'HANA YASRUL RENDI RIANSYAH', '9-A', 'semua', 'L', 'Islam', 'Cianjur', '12 Agustus 2010', '', '', '', '', '', '', '2024'),
(5, '123555', '', 'IHSAN HIDAYAT', '9-A', 'semua', 'L', 'Islam', 'Cianjur', '12 Agustus 2010', '', '', '', '', '', '', '2024'),
(6, '123556', '', 'IRMA LASARI', '9-A', 'semua', 'P', 'Islam', 'Cianjur', '12 Agustus 2010', '', '', '', '', '', '', '2024'),
(7, '123557', '', 'IRSYAD CHAIRIL ANANG', '9-A', 'semua', 'L', 'Islam', 'Cianjur', '12 Agustus 2010', '', '', '', '', '', '', '2024'),
(8, '123558', '', 'KEVIN ADITIA', '9-A', 'semua', 'P', 'Islam', 'Cianjur', '12 Agustus 2010', '', '', '', '', '', '', '2024'),
(9, '123559', '', 'MAY SHELLA AYU FITRI', '9-A', 'semua', 'P', 'Islam', 'Cianjur', '12 Agustus 2010', '', '', '', '', '', '', '2024'),
(10, '123560', '', 'MOCHAMMAD AZIZ AZIRO', '9-A', 'semua', 'P', 'Islam', 'Cianjur', '12 Agustus 2010', '', '', '', '', '', '', '2024'),
(11, '123561', '', 'MUHAMAD IRFAN EFENDI', '9-A', 'semua', 'P', 'Islam', 'Cianjur', '12 Agustus 2010', '', '', '', '', '', '', '2024'),
(12, '123562', '', 'MUHAMMAD FARDHAN', '9-A', 'semua', 'P', 'Islam', 'Cianjur', '12 Agustus 2010', '', '', '', '', '', '', '2024'),
(13, '123563', '', 'MUHAMMAD ISHAQ NAUFAL PRATAMA', '9-A', 'semua', 'L', 'Islam', 'Cianjur', '12 Agustus 2010', '', '', '', '', '', '', '2024'),
(14, '123564', '', 'MUHAMMAD RIVALDO DAVA PUTRA', '9-A', 'semua', 'L', 'Islam', 'Cianjur', '12 Agustus 2010', '', '', '', '', '', '', '2024'),
(15, '123565', '', 'PUTRI ADITYA WARDANI', '9-A', 'semua', 'P', 'Islam', 'Cianjur', '12 Agustus 2010', '', '', '', '', '', '', '2024'),
(16, '123566', '', 'RASYA AGUSSTAF DINATA', '9-A', 'semua', 'P', 'Islam', 'Cianjur', '12 Agustus 2010', '', '', '', '', '', '', '2024'),
(17, '123567', '', 'RAYA TSANI AKBAR ARIZKY', '9-A', 'semua', 'P', 'Islam', 'Cianjur', '12 Agustus 2010', '', '', '', '', '', '', '2024'),
(18, '123568', '', 'RIZKI FAUZI', '9-A', 'semua', 'L', 'Islam', 'Cianjur', '12 Agustus 2010', '', '', '', '', '', '', '2024'),
(19, '123569', '', 'SIVA APRILIA', '9-A', 'semua', 'L', 'Islam', 'Cianjur', '12 Agustus 2010', '', '', '', '', '', '', '2024'),
(20, '123570', '', 'TAZQIYATUZ ZAHRAH', '9-A', 'semua', 'L', 'Islam', 'Cianjur', '12 Agustus 2010', '', '', '', '', '', '', '2024'),
(21, '123571', '', 'Wafa Alifiyah Wally', '9-A', 'semua', 'L', 'Islam', 'Cianjur', '12 Agustus 2010', '', '', '', '', '', '', '2024'),
(22, '123572', '', 'ALDA SILVI AYU DIA SEPTIANI', '9-A', 'semua', 'P', 'Islam', 'Cianjur', '12 Agustus 2010', '', '', '', '', '', '', '2024'),
(23, '123573', '', 'ALMIRA ROKHIMA', '9-A', 'semua', 'P', 'Islam', 'Cianjur', '12 Agustus 2010', '', '', '', '', '', '', '2024'),
(24, '123574', '', 'AMELIA IMROATUN NAJWA', '9-A', 'semua', 'P', 'Islam', 'Cianjur', '12 Agustus 2010', '', '', '', '', '', '', '2024'),
(25, '123575', '', 'ANDINI WINDA SEPTIAN SARASWATI', '9-A', 'semua', 'L', 'Islam', 'Cianjur', '12 Agustus 2010', '', '', '', '', '', '', '2024'),
(26, '123576', '', 'APRIANO DINOVIC', '9-A', 'semua', 'L', 'Islam', 'Cianjur', '12 Agustus 2010', '', '', '', '', '', '', '2024'),
(27, '123577', '', 'ARDITRI ZUROTUL AISAH', '9-A', 'semua', 'P', 'Islam', 'Cianjur', '12 Agustus 2010', '', '', '', '', '', '', '2024'),
(28, '123578', '', 'ARIL YUSUF MAULANA', '9-A', 'semua', 'L', 'Islam', 'Cianjur', '12 Agustus 2010', '', '', '', '', '', '', '2024'),
(29, '123579', '', 'ARTHA LITA DWI KARTIKA', '9-A', 'semua', 'P', 'Islam', 'Cianjur', '12 Agustus 2010', '', '', '', '', '', '', '2024'),
(30, '123580', '', 'AULIA PUSVITASARI', '9-A', 'semua', 'L', 'Islam', 'Cianjur', '12 Agustus 2010', '', '', '', '', '', '', '2024'),
(31, '123581', '', 'DHEA ISMIRALDA', '9-A', 'semua', 'L', 'Islam', 'Cianjur', '12 Agustus 2010', '', '', '', '', '', '', '2024'),
(32, '123582', '', 'EVI DWI MAULITA', '9-A', 'semua', 'L', 'Islam', 'Cianjur', '12 Agustus 2010', '', '', '', '', '', '', '2024');

-- --------------------------------------------------------

--
-- Table structure for table `siswa_eskul`
--

CREATE TABLE `siswa_eskul` (
  `id` int(11) NOT NULL,
  `eskuler` varchar(50) DEFAULT NULL,
  `nis` varchar(50) DEFAULT NULL,
  `kelas` varchar(50) DEFAULT NULL,
  `nilai` varchar(50) DEFAULT NULL,
  `ket` varchar(100) DEFAULT NULL
) ENGINE=InnoDB DEFAULT CHARSET=latin1 COLLATE=latin1_swedish_ci;

-- --------------------------------------------------------

--
-- Table structure for table `skkb`
--

CREATE TABLE `skkb` (
  `id` int(11) NOT NULL,
  `header` text NOT NULL,
  `fungsi` int(11) DEFAULT NULL,
  `file` text DEFAULT NULL,
  `fungsi2` int(11) DEFAULT NULL,
  `isi` longtext NOT NULL,
  `foter` text NOT NULL,
  `nosurat` text DEFAULT NULL
) ENGINE=InnoDB DEFAULT CHARSET=utf8mb4 COLLATE=utf8mb4_general_ci;

--
-- Dumping data for table `skkb`
--

INSERT INTO `skkb` (`id`, `header`, `fungsi`, `file`, `fungsi2`, `isi`, `foter`, `nosurat`) VALUES
(1, 'DINAS PENDIDIKAN KABUPATEN CIANJUR uuuuu', 0, NULL, 1, '<p>Adalah benar siswa SMP Taruna Bakti Cikadu dan sepanjang pengetahuan kami anak tersebut <strong>Berkelakuan Baik dan tidak pernah terlibat Narkoba</strong>.</p>', '<p>Demikian Surat Keterangan ini kami buat dengan sesungguhnya dan sebenarnya, dan agar dapat dipergunakan sesuai peruntukkannya.</p>', '432.1/STBC/IV/2022');

-- --------------------------------------------------------

--
-- Table structure for table `skl`
--

CREATE TABLE `skl` (
  `id_skl` int(11) NOT NULL,
  `tingkat` varchar(50) DEFAULT NULL,
  `no_surat` varchar(50) NOT NULL,
  `nama_surat` varchar(50) NOT NULL,
  `tgl_surat` varchar(50) NOT NULL,
  `header` text NOT NULL,
  `pembuka` text NOT NULL,
  `isi_surat` text NOT NULL,
  `penutup` text NOT NULL,
  `sttd` int(1) NOT NULL,
  `sstempel` int(1) NOT NULL,
  `nilai` int(1) NOT NULL,
  `kelompok` int(1) NOT NULL,
  `dibuka` datetime DEFAULT NULL,
  `ditutup` datetime DEFAULT NULL,
  `tulisan` longtext DEFAULT NULL
) ENGINE=InnoDB DEFAULT CHARSET=latin1 COLLATE=latin1_swedish_ci;

--
-- Dumping data for table `skl`
--

INSERT INTO `skl` (`id_skl`, `tingkat`, `no_surat`, `nama_surat`, `tgl_surat`, `header`, `pembuka`, `isi_surat`, `penutup`, `sttd`, `sstempel`, `nilai`, `kelompok`, `dibuka`, `ditutup`, `tulisan`) VALUES
(1, '12', '/PGM/SKL/VI/', 'SURAT KETERANGAN LULUS', '8 Juni 2024', 'images/header155.jpg', '<p>Berdasarkan hasil Rapat Dewan Tutor&nbsp; SMP Taruna Bakti Cikadu tanggal 29 Mei 2024, Kepala SMP Taruna Bakti Cikadu Kabupaten Cianjur, dengan ini menerangkan bahwa :</p>', '<p>Bahwa nama yang tersebut diatas adalah benar Siswa/Siswi SMP Taruna Bakti Cikadu dan telah melaksanakan Ujian Sekolah serta dinyatakan :</p>', '<p>Demikian Surat Keterangan Lulus (SKL) ini dibuat dengan sebenarnya untuk dapat digunakan sebagaimana mestinya menjelang diterbitkannya ijazah yang bersangkutan.</p>', 0, 0, 1, 1, '2024-04-08 07:00:00', '2024-04-11 08:00:00', 'SELAMAT KEPADA  SISWA SISWI YANG TELAH MENGAKHIRI PENDIDIKAN FORMAL DI SMK TARUNA BAKTI CIKADU, SEMOGA BERMANFAAT UNTUK KALIAN SEMUA');

-- --------------------------------------------------------

--
-- Table structure for table `soal`
--

CREATE TABLE `soal` (
  `id_soal` int(11) NOT NULL,
  `id_bank` int(11) DEFAULT NULL,
  `nomor` int(5) DEFAULT NULL,
  `soal` longtext DEFAULT NULL,
  `jenis` int(1) DEFAULT NULL,
  `opsi` int(11) DEFAULT NULL,
  `pilA` longtext DEFAULT NULL,
  `pilB` longtext DEFAULT NULL,
  `pilC` longtext DEFAULT NULL,
  `pilD` longtext DEFAULT NULL,
  `pilE` longtext DEFAULT NULL,
  `perA` text DEFAULT NULL,
  `perB` text DEFAULT NULL,
  `perC` text DEFAULT NULL,
  `perD` text DEFAULT NULL,
  `perE` text DEFAULT NULL,
  `jawaban` text DEFAULT NULL,
  `file` longtext DEFAULT NULL,
  `file1` mediumtext DEFAULT NULL,
  `fileA` mediumtext DEFAULT NULL,
  `fileB` mediumtext DEFAULT NULL,
  `fileC` mediumtext DEFAULT NULL,
  `fileD` mediumtext DEFAULT NULL,
  `fileE` mediumtext DEFAULT NULL,
  `ket` text DEFAULT NULL,
  `sts` int(11) DEFAULT 0,
  `max_skor` int(11) DEFAULT 1
) ENGINE=InnoDB DEFAULT CHARSET=utf8mb3 COLLATE=utf8mb3_general_ci;

--
-- Dumping data for table `soal`
--

INSERT INTO `soal` (`id_soal`, `id_bank`, `nomor`, `soal`, `jenis`, `opsi`, `pilA`, `pilB`, `pilC`, `pilD`, `pilE`, `perA`, `perB`, `perC`, `perD`, `perE`, `jawaban`, `file`, `file1`, `fileA`, `fileB`, `fileC`, `fileD`, `fileE`, `ket`, `sts`, `max_skor`) VALUES
(1, 2, 1, 'SPEKTRUM GELOMBANG ELEKTROMAGNETIK\nKenny sedang melihat artikel mengenai Sains dan menemukan gambar sebagai berikutPada gambar, disajikan berbagai macam gelombang elektromagnetik yang disusun berdasarkan frekuensinya dalam satuan Hz.\nWarna yang memiliki frekuensi lebih tinggi daripada warna hijau, tetapi lebih rendah daripada warna ungu adalah .... ', 1, NULL, 'biru\n', 'jingga\n', 'merah\n', 'kuning\n', '', '', '', '', '', '', 'A', NULL, NULL, NULL, NULL, NULL, NULL, NULL, NULL, 0, 1),
(2, 2, 2, '\"Kita sering kali melakukan olahraga. Bahkan, orang-orang di sekitar kita juga sering menyarankan kita untuk melakukan aktivitas tersebut. Rupanya, ada keterkaitan antara berolahraga dengan kesehatan fisik dan mental, misalnya terkait dengan perkembangan tubuh dan interaksi sosial.\n     Perlu diketahui bahwa olahraga bermanfaat dalam mencegah risiko berbagai penyakit. Saat tubuh jarang melakukan olahraga, lemak akan menumpuk di dalam tubuh sehingga dapat berujung pada terjadinya obesitas. Namun, dengan berolahraga secara teratur, tumpukan lemak yang ada di dalam tubuh bisa terbakar. Selain itu, saat berolahraga, terjadi kontraksi otot-otot tubuh yang menyebabkan cairan getah bening dapat mengalir dengan lancar. Cairan getah bening merupakan cairan yang mengandung sel-sel darah putih yang berkaitan dengan sistem pertahanan tubuh. Berbeda dengan pembuluh darah, cairan getah bening ini tidak mengalir karena kontraksi jantung, tetapi karena kontraksi otot-otot yang melekat pada rangka tubuh kita.\n     Selain manfaat tersebut, olahraga juga dapat meningkatkan perkembangan tubuh. Aktivitas yang dilakukan selama olahraga akan membantu tubuh untuk lebih cepat berkembang. Ketika berolahraga, terjadi kontraksi otot-otot yang menyebabkan otot lebih terlatih dan akan berkembang dengan baik. Selain itu, aktivitas olahraga yang diiringi gizi seimbang juga dapat membuat metabolisme tubuh menjadi lebih lancar karena hormon pertumbuhan bekerja lebih maksimal.\n     Selain bermanfaat bagi kesehatan fisik, olahraga juga dapat meningkatkan interaksi sosial. Ketika olahraga dilakukan dalam kelompok, misalnya saat bermain sepak bola, basket, dan futsal, terjadi proses perkenalan dengan orang lain, baik dengan orang di dalam tim maupun di luar tim. Selain itu, terjadi proses saling bekerja sama saat bermain atau bertanding. Adanya kompetisi yang sehat dalam permainan olahraga tersebut juga membuat kita menjadi lebih jujur. Akhirnya, kita menjadi terbiasa dalam melakukan \nSelain berolahraga, hal yang perlu kita lakukan untuk menjaga kesehatan fisik dan mental adalah ....  \"\n\n\n\n\n', 3, NULL, 'Mengurangi makan makanan penyebab obesitas\n', 'Meningkatkan interaksi sosial dan sikap saling bekerja sama\n', 'Mengurangi makanan berprotein dan berlemak tinggi\n', 'Memakan makanan bergizi seimbang\n', '', '', '', '', '', '', 'A, B, D', NULL, NULL, NULL, NULL, NULL, NULL, NULL, NULL, 0, 3),
(3, 2, 3, '\"Pemerintah melalui Badan Pusat Statistik telah merilis data produktivitas padi dari setiap provinsi di Indonesia. Data tersebut meliputi luas lahan persawahan yang dipanen dan produktivitas lahan panen. Adapun data jumlah produksi per tahun dapat diketahui dengan mengalikan luas lahan panen dan produktivitasnya. Angka produktivitas padi diperoleh melalui survei berupa Gabah Kering Panen (GKP) yang dikonversikan menjadi Gabah Kering Giling (GKG).\n    Pulau Jawa sebagai pulau dengan jumlah penduduk terbanyak masih memerlukan pasokan beras dari daerah lain maupun dari impor. Hal tersebut karena jumlah hasil panen belum dapat mencukupi kebutuhan pangan masyarakat. Berikut data jumlah produksi padi dari perwakilan provinsi di 5 pulau terbesar di Indonesia. \nTentukan urutan provinsi dari yang memiliki jumlah hasil panen tertinggi hingga terendah!\"\n\n\n\n\n', 5, NULL, '92.198.050,77 kuintal\n', '46.786.971,19 kuintal\n', '20.763.612,87 kuintal\n', '11.345.248,95 kuintal\n', '', 'Sumatra Utara\n', 'Jawa Barat\n', 'Kalimantan Selatan\n', 'Sulawesi Selatan\n', '', 'C, A, B, D', NULL, NULL, NULL, NULL, NULL, NULL, NULL, NULL, 0, 4),
(4, 2, 4, '\"Mina padi adalah suatu bentuk usaha tani gabungan yang memanfaatkan genangan air sawah yang tengah ditanami padi sebagai kolam untuk budidaya ikan. Oleh karena itu, selain mendapat hasil panen yaitu padi, petani yang menerapkan sistem mina padi juga dapat memanen ikan. Pak Made adalah salah satu petani di Bali yang menerapkan sistem mina padi di sawahnya. Pak Made mengatakan bahwa dengan menerapkan sistem mina padi, pendapatan dari hasil panen beliau meningkat. “Akan tetapi, perawatan padi dan ikan pada sistem mina padi memang gampang-gampang susah”, katanya.\nBenih ikan yang ditebar oleh Pak Made di sawah beliau yang seluas 1,5 ha adalah ikan emas dan ikan nila yang masih berukuran 5 cm sampai dengan 8 cm dengan kepadatan 5.000 ekor/ha. Perbandingan benih ikan emas dengan benih ikan nila yang ditebar oleh Pak Made adalah 3 : 2. Harga bibit ikan nila adalah Rp500,00/ekor dan harga bibit ikan emas adalah dua kali lipatnya. Setiap pagi, Pak Made memberi pakan tambahan berupa dedak halus 250 kg/ha untuk ikan yang ada di sawahnya.\nSetelah tujuh puluh hari, Pak Made memanen ikannya tersebut. Total ikan yang dipanen adalah 6.500 kg/ha. Perbandingan hasil panen ikan emas dan ikan nila sama dengan perbandingan benih ikan ketika ditebar. Harga ikan emas dan ikan nila yang dipanen oleh Pak Made berturut-turut adalah Rp30.000,00/kg dan Rp27.000,00/kg. Sekitar 2 bulan kemudian, Pak Made memanen padinya dengan hasil panen 5,7 ton/ha. Pak Made menjualnya dalam bentuk gabah kering panen (GKP) dengan harga Rp5.000,00/kg.\nTentukan benar atau salah pernyataan berikut dengan memberi tanda ? pada kolom yang sesuai!\n\"\n\n\n\n\n', 4, NULL, '• Total benih ikan emas yang ditebar di sawah Pak Made adalah 4.500 ekor\n', '• Total benih ikan nila yang ditebar di sawah Pak Made adalah 2.000 ekor\n', '• Total ikan emas yang dipanen Pak Made adalah 3.900 ekor\n', '• Total ikan nila yang dipanen Pak Made adalah 3.900 ekor\n', '', '', '', '', '', '', 'B, S, S, B', NULL, NULL, NULL, NULL, NULL, NULL, NULL, NULL, 0, 4),
(5, 2, 5, '\"Ayah Lisa adalah seorang petani. Selain menyikapi dampak negatif datangnya musim penghujan, ayah Lisa juga memanfaatkan dampak positif musim penghujan untuk kelangsungan pertaniannya. Menurut ayah Lisa, La Nina memberikan banyak dampak positif pada sektor pertanian. Kemudian, Lisa mencari tahu apa saja dampak positif dari La Nina.  \nDAMPAK POSITIF LA NINA\nDekan Sekolah Vokasi UGM Agus Maryono yang juga merupakan pakar Ekohidrolik dan pelopor restorasi sungai Indonesia mengatakan bahwa seharusnya tahun basah (musim penghujan) bisa dimanfaatkan. Daerah kering dan semi kering juga dapat memanfaatkan air yang berlimpah. Dengan adanya tahun basah, air tanah bisa terisi secara maksimal, begitu pula dengan danau, situ, serta telaga. Alur sungai pun dapat terbentuk dengan sempurna. Masyarakat di sekitar sungai dapat melakukan susur sungai sehingga mereka akan mengetahui sungai yang bisa digunakan untuk mitigasi serta sungai yang memiliki potensi wisata, potensi sumber air, dan potensi perikanan.\nSelain itu, Rizaldi Boer dari Pusat Pengelolaan Risiko dan Peluang Iklim Institut Pertanian Bogor (IPB) mengatakan, La Nina juga mempunyai manfaat bagi pertanian pangan. La Nina memberi peluang untuk percepatan tanam serta perluasan area tanam padi, baik di lahan sawah irigasi, tadah hujan, maupun ladang. Lebih lanjut, La Nina dapat dimanfaatkan untuk meningkatkan areal tanam pada musim hujan, khususnya untuk daerah lahan kering. Petani disarankan untuk memanfaatkan mundurnya akhir musim hujan dengan menanam tanaman umur pendek dan berekonomi tinggi. Tak hanya itu, petani juga dapat melakukan adaptasi teknik budidaya pada daerah endemik banjir dan pertanian lahan kering di lahan gambut.\nDampak positif La Nina yang lain adalah dapat meningkatkan produksi perluasan lahan pasang surut. Lahan pesisir juga akan berkembang lebih baik karena salinitas dapat dikurangi dan perikanan darat bisa dikembangkan lebih awal. Dari segi sumber daya air, menurut Direktur Bina Teknik SDA Kementerian PU-Pera Eko Winar Irianto, kondisi La Nina dapat memenuhi kapasitas energi maksimum pada operasional waduk, sementara dalam kondisi El Nino energi yang dihasilkan akan berkurang.\nBagaimana dampak positif La Nina dari segi sumber daya air?\"\n\n\n\n\n', 2, NULL, '', '', '', '', '', '', '', '', '', '', '10', NULL, NULL, NULL, NULL, NULL, NULL, NULL, NULL, 0, 5),
(6, 2, 6, 'ww', 1, NULL, 'ww', 'ww', 'ww', 'ww', 'ww', '', '', '', '', '', 'B', NULL, NULL, NULL, NULL, NULL, NULL, NULL, NULL, 0, 2),
(7, 2, 7, 'er', 1, NULL, 'ww', 'ww', 'ww', 'ww', 'ww', '', '', '', '', '', 'E', NULL, NULL, NULL, NULL, NULL, NULL, NULL, NULL, 0, 3);

-- --------------------------------------------------------

--
-- Table structure for table `sosial`
--

CREATE TABLE `sosial` (
  `id` int(11) NOT NULL,
  `nis` varchar(50) DEFAULT NULL,
  `kelas` varchar(50) DEFAULT NULL,
  `ket1` text DEFAULT NULL,
  `ket2` text DEFAULT NULL,
  `predikat` varchar(50) DEFAULT NULL,
  `idguru` int(11) DEFAULT NULL
) ENGINE=InnoDB DEFAULT CHARSET=latin1 COLLATE=latin1_swedish_ci;

-- --------------------------------------------------------

--
-- Table structure for table `spiritual`
--

CREATE TABLE `spiritual` (
  `id` int(11) NOT NULL,
  `nis` varchar(50) DEFAULT NULL,
  `kelas` varchar(50) DEFAULT NULL,
  `ket1` text DEFAULT NULL,
  `ket2` text DEFAULT NULL,
  `predikat` varchar(50) DEFAULT NULL,
  `idguru` int(11) DEFAULT NULL
) ENGINE=InnoDB DEFAULT CHARSET=latin1 COLLATE=latin1_swedish_ci;

-- --------------------------------------------------------

--
-- Table structure for table `status`
--

CREATE TABLE `status` (
  `id` int(11) NOT NULL,
  `mode` int(11) NOT NULL
) ENGINE=InnoDB DEFAULT CHARSET=latin1 COLLATE=latin1_swedish_ci;

--
-- Dumping data for table `status`
--

INSERT INTO `status` (`id`, `mode`) VALUES
(1, 1);

-- --------------------------------------------------------

--
-- Table structure for table `temp_file`
--

CREATE TABLE `temp_file` (
  `id_file` int(11) NOT NULL,
  `id_bank` int(11) DEFAULT 0,
  `nama_file` varchar(50) DEFAULT NULL,
  `status_file` int(1) DEFAULT NULL
) ENGINE=InnoDB DEFAULT CHARSET=utf8mb3 COLLATE=utf8mb3_general_ci;

-- --------------------------------------------------------

--
-- Table structure for table `temp_finger`
--

CREATE TABLE `temp_finger` (
  `id` int(11) NOT NULL,
  `idjari` int(11) DEFAULT NULL,
  `serial` varchar(50) DEFAULT NULL,
  `nama` varchar(50) DEFAULT NULL
) ENGINE=InnoDB DEFAULT CHARSET=latin1 COLLATE=latin1_swedish_ci;

-- --------------------------------------------------------

--
-- Table structure for table `temp_pil`
--

CREATE TABLE `temp_pil` (
  `id` int(11) NOT NULL,
  `idbank` int(11) NOT NULL,
  `nomor` int(11) NOT NULL
) ENGINE=InnoDB DEFAULT CHARSET=utf8mb4 COLLATE=utf8mb4_general_ci;

-- --------------------------------------------------------

--
-- Table structure for table `temp_soal`
--

CREATE TABLE `temp_soal` (
  `id` int(11) NOT NULL,
  `id_bank` int(11) NOT NULL,
  `nomor` int(11) NOT NULL,
  `idfile` int(11) NOT NULL,
  `file` text NOT NULL
) ENGINE=InnoDB DEFAULT CHARSET=utf8mb4 COLLATE=utf8mb4_general_ci;

-- --------------------------------------------------------

--
-- Table structure for table `tmpreg`
--

CREATE TABLE `tmpreg` (
  `nokartu` varchar(100) DEFAULT NULL
) ENGINE=InnoDB DEFAULT CHARSET=latin1 COLLATE=latin1_swedish_ci;

-- --------------------------------------------------------

--
-- Table structure for table `tugas`
--

CREATE TABLE `tugas` (
  `id_tugas` int(255) NOT NULL,
  `id_guru` int(255) DEFAULT NULL,
  `kelas` text DEFAULT NULL,
  `mapel` varchar(255) DEFAULT NULL,
  `judul` varchar(50) DEFAULT NULL,
  `tugas` longtext DEFAULT NULL,
  `file` varchar(255) DEFAULT NULL,
  `tgl_mulai` datetime NOT NULL,
  `tgl_selesai` datetime NOT NULL,
  `tgl` timestamp NOT NULL DEFAULT current_timestamp() ON UPDATE current_timestamp(),
  `status` int(11) DEFAULT NULL
) ENGINE=InnoDB DEFAULT CHARSET=latin1 COLLATE=latin1_swedish_ci;

-- --------------------------------------------------------

--
-- Table structure for table `tujuan`
--

CREATE TABLE `tujuan` (
  `idt` int(11) NOT NULL,
  `tingkat` varchar(11) DEFAULT NULL,
  `tp` int(11) DEFAULT NULL,
  `kodemap` varchar(50) DEFAULT NULL,
  `pembelajaran` varchar(255) DEFAULT NULL,
  `idguru` int(11) DEFAULT NULL,
  `smt` int(11) DEFAULT NULL
) ENGINE=InnoDB DEFAULT CHARSET=latin1 COLLATE=latin1_swedish_ci;

--
-- Indexes for dumped tables
--

--
-- Indexes for table `absensi`
--
ALTER TABLE `absensi`
  ADD PRIMARY KEY (`id`);

--
-- Indexes for table `absen_daring`
--
ALTER TABLE `absen_daring`
  ADD PRIMARY KEY (`id`);

--
-- Indexes for table `agenda`
--
ALTER TABLE `agenda`
  ADD PRIMARY KEY (`id`);

--
-- Indexes for table `aplikasi`
--
ALTER TABLE `aplikasi`
  ADD PRIMARY KEY (`id_aplikasi`);

--
-- Indexes for table `banksoal`
--
ALTER TABLE `banksoal`
  ADD PRIMARY KEY (`id_bank`),
  ADD UNIQUE KEY `kode` (`kode`);

--
-- Indexes for table `barusikap`
--
ALTER TABLE `barusikap`
  ADD PRIMARY KEY (`idp`);

--
-- Indexes for table `berita`
--
ALTER TABLE `berita`
  ADD PRIMARY KEY (`id_berita`);

--
-- Indexes for table `bk_kategori`
--
ALTER TABLE `bk_kategori`
  ADD PRIMARY KEY (`id`);

--
-- Indexes for table `bk_pelanggaran`
--
ALTER TABLE `bk_pelanggaran`
  ADD PRIMARY KEY (`id`);

--
-- Indexes for table `bk_siswa`
--
ALTER TABLE `bk_siswa`
  ADD PRIMARY KEY (`id`);

--
-- Indexes for table `bk_sp`
--
ALTER TABLE `bk_sp`
  ADD PRIMARY KEY (`id`);

--
-- Indexes for table `bk_sub`
--
ALTER TABLE `bk_sub`
  ADD PRIMARY KEY (`id`);

--
-- Indexes for table `bk_surat`
--
ALTER TABLE `bk_surat`
  ADD PRIMARY KEY (`id`);

--
-- Indexes for table `bk_tindakan`
--
ALTER TABLE `bk_tindakan`
  ADD PRIMARY KEY (`id`),
  ADD UNIQUE KEY `tindakan` (`tindakan`);

--
-- Indexes for table `bulan`
--
ALTER TABLE `bulan`
  ADD PRIMARY KEY (`id`);

--
-- Indexes for table `chating`
--
ALTER TABLE `chating`
  ADD PRIMARY KEY (`id`);

--
-- Indexes for table `datareg`
--
ALTER TABLE `datareg`
  ADD PRIMARY KEY (`id`),
  ADD UNIQUE KEY `nokartu` (`nokartu`);

--
-- Indexes for table `deskrip`
--
ALTER TABLE `deskrip`
  ADD PRIMARY KEY (`id`);

--
-- Indexes for table `download`
--
ALTER TABLE `download`
  ADD PRIMARY KEY (`id`);

--
-- Indexes for table `file_pendukung`
--
ALTER TABLE `file_pendukung`
  ADD PRIMARY KEY (`id_file`);

--
-- Indexes for table `informasi`
--
ALTER TABLE `informasi`
  ADD PRIMARY KEY (`id`);

--
-- Indexes for table `jadwal_mapel`
--
ALTER TABLE `jadwal_mapel`
  ADD PRIMARY KEY (`idj`);

--
-- Indexes for table `jadwal_rapor`
--
ALTER TABLE `jadwal_rapor`
  ADD PRIMARY KEY (`id`);

--
-- Indexes for table `jawaban`
--
ALTER TABLE `jawaban`
  ADD PRIMARY KEY (`id`);

--
-- Indexes for table `jawaban_dup`
--
ALTER TABLE `jawaban_dup`
  ADD PRIMARY KEY (`id`);

--
-- Indexes for table `jawaban_tugas`
--
ALTER TABLE `jawaban_tugas`
  ADD PRIMARY KEY (`id_jawaban`);

--
-- Indexes for table `jenis`
--
ALTER TABLE `jenis`
  ADD PRIMARY KEY (`id_jenis`);

--
-- Indexes for table `jenis_sp`
--
ALTER TABLE `jenis_sp`
  ADD PRIMARY KEY (`id_sp`);

--
-- Indexes for table `jodoh`
--
ALTER TABLE `jodoh`
  ADD PRIMARY KEY (`id_jawaban`);

--
-- Indexes for table `kelas`
--
ALTER TABLE `kelas`
  ADD PRIMARY KEY (`id`);

--
-- Indexes for table `level`
--
ALTER TABLE `level`
  ADD PRIMARY KEY (`id_level`);

--
-- Indexes for table `lingkup`
--
ALTER TABLE `lingkup`
  ADD PRIMARY KEY (`idl`);

--
-- Indexes for table `log`
--
ALTER TABLE `log`
  ADD PRIMARY KEY (`id_log`);

--
-- Indexes for table `mapel_ijazah`
--
ALTER TABLE `mapel_ijazah`
  ADD PRIMARY KEY (`idmapel`);

--
-- Indexes for table `mapel_rapor`
--
ALTER TABLE `mapel_rapor`
  ADD PRIMARY KEY (`idm`);

--
-- Indexes for table `mata_pelajaran`
--
ALTER TABLE `mata_pelajaran`
  ADD PRIMARY KEY (`id`);

--
-- Indexes for table `materi`
--
ALTER TABLE `materi`
  ADD PRIMARY KEY (`id_materi`);

--
-- Indexes for table `mode_rapor`
--
ALTER TABLE `mode_rapor`
  ADD PRIMARY KEY (`id`);

--
-- Indexes for table `m_dimensi`
--
ALTER TABLE `m_dimensi`
  ADD PRIMARY KEY (`id_dimensi`);

--
-- Indexes for table `m_elemen`
--
ALTER TABLE `m_elemen`
  ADD PRIMARY KEY (`id_elemen`);

--
-- Indexes for table `m_eskul`
--
ALTER TABLE `m_eskul`
  ADD PRIMARY KEY (`id`);

--
-- Indexes for table `m_hari`
--
ALTER TABLE `m_hari`
  ADD PRIMARY KEY (`idh`);

--
-- Indexes for table `m_kelompok`
--
ALTER TABLE `m_kelompok`
  ADD PRIMARY KEY (`id`);

--
-- Indexes for table `m_nilai_proyek`
--
ALTER TABLE `m_nilai_proyek`
  ADD PRIMARY KEY (`nilai`);

--
-- Indexes for table `m_pesan`
--
ALTER TABLE `m_pesan`
  ADD PRIMARY KEY (`id`);

--
-- Indexes for table `m_proyek`
--
ALTER TABLE `m_proyek`
  ADD PRIMARY KEY (`id`);

--
-- Indexes for table `m_spiritual`
--
ALTER TABLE `m_spiritual`
  ADD PRIMARY KEY (`id`);

--
-- Indexes for table `m_sub_elemen`
--
ALTER TABLE `m_sub_elemen`
  ADD PRIMARY KEY (`id_sub`);

--
-- Indexes for table `nilai`
--
ALTER TABLE `nilai`
  ADD PRIMARY KEY (`id_nilai`);

--
-- Indexes for table `nilai_formatif`
--
ALTER TABLE `nilai_formatif`
  ADD PRIMARY KEY (`id`);

--
-- Indexes for table `nilai_harian`
--
ALTER TABLE `nilai_harian`
  ADD PRIMARY KEY (`idn`);

--
-- Indexes for table `nilai_proses`
--
ALTER TABLE `nilai_proses`
  ADD PRIMARY KEY (`idpros`);

--
-- Indexes for table `nilai_proyek`
--
ALTER TABLE `nilai_proyek`
  ADD PRIMARY KEY (`idn`);

--
-- Indexes for table `nilai_rapor`
--
ALTER TABLE `nilai_rapor`
  ADD PRIMARY KEY (`id`);

--
-- Indexes for table `nilai_skl`
--
ALTER TABLE `nilai_skl`
  ADD PRIMARY KEY (`id`);

--
-- Indexes for table `nilai_sku`
--
ALTER TABLE `nilai_sku`
  ADD PRIMARY KEY (`id_sku`);

--
-- Indexes for table `nilai_sumatif`
--
ALTER TABLE `nilai_sumatif`
  ADD PRIMARY KEY (`id`);

--
-- Indexes for table `nilai_ujian`
--
ALTER TABLE `nilai_ujian`
  ADD PRIMARY KEY (`id`);

--
-- Indexes for table `pesan_terkirim`
--
ALTER TABLE `pesan_terkirim`
  ADD PRIMARY KEY (`id`);

--
-- Indexes for table `pk`
--
ALTER TABLE `pk`
  ADD PRIMARY KEY (`id_pk`),
  ADD UNIQUE KEY `no` (`no`);

--
-- Indexes for table `pkl`
--
ALTER TABLE `pkl`
  ADD PRIMARY KEY (`id`);

--
-- Indexes for table `prestasi`
--
ALTER TABLE `prestasi`
  ADD PRIMARY KEY (`id`);

--
-- Indexes for table `proyek`
--
ALTER TABLE `proyek`
  ADD PRIMARY KEY (`idp`);

--
-- Indexes for table `reset`
--
ALTER TABLE `reset`
  ADD PRIMARY KEY (`id`);

--
-- Indexes for table `reset_andro`
--
ALTER TABLE `reset_andro`
  ADD PRIMARY KEY (`id`);

--
-- Indexes for table `ruang`
--
ALTER TABLE `ruang`
  ADD PRIMARY KEY (`kode_ruang`);

--
-- Indexes for table `savsoft_options`
--
ALTER TABLE `savsoft_options`
  ADD PRIMARY KEY (`oid`);

--
-- Indexes for table `savsoft_qbank`
--
ALTER TABLE `savsoft_qbank`
  ADD PRIMARY KEY (`qid`);

--
-- Indexes for table `sesi`
--
ALTER TABLE `sesi`
  ADD PRIMARY KEY (`kode_sesi`);

--
-- Indexes for table `sinkron`
--
ALTER TABLE `sinkron`
  ADD PRIMARY KEY (`id`);

--
-- Indexes for table `siswa_alumni`
--
ALTER TABLE `siswa_alumni`
  ADD PRIMARY KEY (`id_siswa`),
  ADD UNIQUE KEY `nis` (`nis`);

--
-- Indexes for table `siswa_eskul`
--
ALTER TABLE `siswa_eskul`
  ADD PRIMARY KEY (`id`);

--
-- Indexes for table `skkb`
--
ALTER TABLE `skkb`
  ADD PRIMARY KEY (`id`);

--
-- Indexes for table `skl`
--
ALTER TABLE `skl`
  ADD PRIMARY KEY (`id_skl`);

--
-- Indexes for table `soal`
--
ALTER TABLE `soal`
  ADD PRIMARY KEY (`id_soal`);

--
-- Indexes for table `sosial`
--
ALTER TABLE `sosial`
  ADD PRIMARY KEY (`id`);

--
-- Indexes for table `spiritual`
--
ALTER TABLE `spiritual`
  ADD PRIMARY KEY (`id`);

--
-- Indexes for table `status`
--
ALTER TABLE `status`
  ADD PRIMARY KEY (`id`);

--
-- Indexes for table `temp_file`
--
ALTER TABLE `temp_file`
  ADD PRIMARY KEY (`id_file`);

--
-- Indexes for table `temp_finger`
--
ALTER TABLE `temp_finger`
  ADD PRIMARY KEY (`id`);

--
-- Indexes for table `temp_pil`
--
ALTER TABLE `temp_pil`
  ADD PRIMARY KEY (`id`);

--
-- Indexes for table `temp_soal`
--
ALTER TABLE `temp_soal`
  ADD PRIMARY KEY (`id`);

--
-- Indexes for table `tmpreg`
--
ALTER TABLE `tmpreg`
  ADD KEY `nokartu` (`nokartu`);

--
-- Indexes for table `tugas`
--
ALTER TABLE `tugas`
  ADD PRIMARY KEY (`id_tugas`);

--
-- Indexes for table `tujuan`
--
ALTER TABLE `tujuan`
  ADD PRIMARY KEY (`idt`);

--
-- AUTO_INCREMENT for dumped tables
--

--
-- AUTO_INCREMENT for table `absensi`
--
ALTER TABLE `absensi`
  MODIFY `id` int(11) NOT NULL AUTO_INCREMENT;

--
-- AUTO_INCREMENT for table `absen_daring`
--
ALTER TABLE `absen_daring`
  MODIFY `id` int(11) NOT NULL AUTO_INCREMENT;

--
-- AUTO_INCREMENT for table `agenda`
--
ALTER TABLE `agenda`
  MODIFY `id` int(11) NOT NULL AUTO_INCREMENT;

--
-- AUTO_INCREMENT for table `aplikasi`
--
ALTER TABLE `aplikasi`
  MODIFY `id_aplikasi` int(11) NOT NULL AUTO_INCREMENT, AUTO_INCREMENT=2;

--
-- AUTO_INCREMENT for table `banksoal`
--
ALTER TABLE `banksoal`
  MODIFY `id_bank` int(11) NOT NULL AUTO_INCREMENT, AUTO_INCREMENT=3;

--
-- AUTO_INCREMENT for table `barusikap`
--
ALTER TABLE `barusikap`
  MODIFY `idp` int(11) NOT NULL AUTO_INCREMENT;

--
-- AUTO_INCREMENT for table `berita`
--
ALTER TABLE `berita`
  MODIFY `id_berita` int(10) NOT NULL AUTO_INCREMENT;

--
-- AUTO_INCREMENT for table `bk_kategori`
--
ALTER TABLE `bk_kategori`
  MODIFY `id` int(11) NOT NULL AUTO_INCREMENT, AUTO_INCREMENT=14;

--
-- AUTO_INCREMENT for table `bk_pelanggaran`
--
ALTER TABLE `bk_pelanggaran`
  MODIFY `id` int(11) NOT NULL AUTO_INCREMENT, AUTO_INCREMENT=21;

--
-- AUTO_INCREMENT for table `bk_siswa`
--
ALTER TABLE `bk_siswa`
  MODIFY `id` int(11) NOT NULL AUTO_INCREMENT;

--
-- AUTO_INCREMENT for table `bk_sp`
--
ALTER TABLE `bk_sp`
  MODIFY `id` int(11) NOT NULL AUTO_INCREMENT;

--
-- AUTO_INCREMENT for table `bk_sub`
--
ALTER TABLE `bk_sub`
  MODIFY `id` int(11) NOT NULL AUTO_INCREMENT, AUTO_INCREMENT=21;

--
-- AUTO_INCREMENT for table `bk_surat`
--
ALTER TABLE `bk_surat`
  MODIFY `id` int(11) NOT NULL AUTO_INCREMENT;

--
-- AUTO_INCREMENT for table `bk_tindakan`
--
ALTER TABLE `bk_tindakan`
  MODIFY `id` int(11) NOT NULL AUTO_INCREMENT, AUTO_INCREMENT=5;

--
-- AUTO_INCREMENT for table `bulan`
--
ALTER TABLE `bulan`
  MODIFY `id` int(11) NOT NULL AUTO_INCREMENT, AUTO_INCREMENT=13;

--
-- AUTO_INCREMENT for table `chating`
--
ALTER TABLE `chating`
  MODIFY `id` int(11) NOT NULL AUTO_INCREMENT;

--
-- AUTO_INCREMENT for table `datareg`
--
ALTER TABLE `datareg`
  MODIFY `id` int(11) NOT NULL AUTO_INCREMENT;

--
-- AUTO_INCREMENT for table `deskrip`
--
ALTER TABLE `deskrip`
  MODIFY `id` int(11) NOT NULL AUTO_INCREMENT;

--
-- AUTO_INCREMENT for table `download`
--
ALTER TABLE `download`
  MODIFY `id` int(11) NOT NULL AUTO_INCREMENT;

--
-- AUTO_INCREMENT for table `file_pendukung`
--
ALTER TABLE `file_pendukung`
  MODIFY `id_file` int(11) NOT NULL AUTO_INCREMENT;

--
-- AUTO_INCREMENT for table `informasi`
--
ALTER TABLE `informasi`
  MODIFY `id` int(11) NOT NULL AUTO_INCREMENT;

--
-- AUTO_INCREMENT for table `jadwal_mapel`
--
ALTER TABLE `jadwal_mapel`
  MODIFY `idj` int(11) NOT NULL AUTO_INCREMENT;

--
-- AUTO_INCREMENT for table `jadwal_rapor`
--
ALTER TABLE `jadwal_rapor`
  MODIFY `id` int(11) NOT NULL AUTO_INCREMENT;

--
-- AUTO_INCREMENT for table `jawaban`
--
ALTER TABLE `jawaban`
  MODIFY `id` int(11) NOT NULL AUTO_INCREMENT;

--
-- AUTO_INCREMENT for table `jawaban_dup`
--
ALTER TABLE `jawaban_dup`
  MODIFY `id` int(11) NOT NULL AUTO_INCREMENT;

--
-- AUTO_INCREMENT for table `jawaban_tugas`
--
ALTER TABLE `jawaban_tugas`
  MODIFY `id_jawaban` int(11) NOT NULL AUTO_INCREMENT;

--
-- AUTO_INCREMENT for table `jenis_sp`
--
ALTER TABLE `jenis_sp`
  MODIFY `id_sp` int(11) NOT NULL AUTO_INCREMENT, AUTO_INCREMENT=8;

--
-- AUTO_INCREMENT for table `jodoh`
--
ALTER TABLE `jodoh`
  MODIFY `id_jawaban` int(11) NOT NULL AUTO_INCREMENT;

--
-- AUTO_INCREMENT for table `kelas`
--
ALTER TABLE `kelas`
  MODIFY `id` int(11) NOT NULL AUTO_INCREMENT, AUTO_INCREMENT=4;

--
-- AUTO_INCREMENT for table `level`
--
ALTER TABLE `level`
  MODIFY `id_level` int(11) NOT NULL AUTO_INCREMENT, AUTO_INCREMENT=11;

--
-- AUTO_INCREMENT for table `lingkup`
--
ALTER TABLE `lingkup`
  MODIFY `idl` int(11) NOT NULL AUTO_INCREMENT;

--
-- AUTO_INCREMENT for table `log`
--
ALTER TABLE `log`
  MODIFY `id_log` int(11) NOT NULL AUTO_INCREMENT;

--
-- AUTO_INCREMENT for table `mapel_ijazah`
--
ALTER TABLE `mapel_ijazah`
  MODIFY `idmapel` int(11) NOT NULL AUTO_INCREMENT, AUTO_INCREMENT=2;

--
-- AUTO_INCREMENT for table `mapel_rapor`
--
ALTER TABLE `mapel_rapor`
  MODIFY `idm` int(11) NOT NULL AUTO_INCREMENT;

--
-- AUTO_INCREMENT for table `mata_pelajaran`
--
ALTER TABLE `mata_pelajaran`
  MODIFY `id` int(11) NOT NULL AUTO_INCREMENT, AUTO_INCREMENT=13;

--
-- AUTO_INCREMENT for table `materi`
--
ALTER TABLE `materi`
  MODIFY `id_materi` int(255) NOT NULL AUTO_INCREMENT;

--
-- AUTO_INCREMENT for table `mode_rapor`
--
ALTER TABLE `mode_rapor`
  MODIFY `id` int(11) NOT NULL AUTO_INCREMENT, AUTO_INCREMENT=4;

--
-- AUTO_INCREMENT for table `m_dimensi`
--
ALTER TABLE `m_dimensi`
  MODIFY `id_dimensi` int(11) NOT NULL AUTO_INCREMENT, AUTO_INCREMENT=7;

--
-- AUTO_INCREMENT for table `m_elemen`
--
ALTER TABLE `m_elemen`
  MODIFY `id_elemen` int(11) NOT NULL AUTO_INCREMENT, AUTO_INCREMENT=21;

--
-- AUTO_INCREMENT for table `m_eskul`
--
ALTER TABLE `m_eskul`
  MODIFY `id` int(11) NOT NULL AUTO_INCREMENT;

--
-- AUTO_INCREMENT for table `m_hari`
--
ALTER TABLE `m_hari`
  MODIFY `idh` int(11) NOT NULL AUTO_INCREMENT, AUTO_INCREMENT=9;

--
-- AUTO_INCREMENT for table `m_kelompok`
--
ALTER TABLE `m_kelompok`
  MODIFY `id` int(11) NOT NULL AUTO_INCREMENT, AUTO_INCREMENT=3;

--
-- AUTO_INCREMENT for table `m_pesan`
--
ALTER TABLE `m_pesan`
  MODIFY `id` int(11) NOT NULL AUTO_INCREMENT, AUTO_INCREMENT=5;

--
-- AUTO_INCREMENT for table `m_proyek`
--
ALTER TABLE `m_proyek`
  MODIFY `id` int(11) NOT NULL AUTO_INCREMENT;

--
-- AUTO_INCREMENT for table `m_spiritual`
--
ALTER TABLE `m_spiritual`
  MODIFY `id` int(11) NOT NULL AUTO_INCREMENT, AUTO_INCREMENT=8;

--
-- AUTO_INCREMENT for table `m_sub_elemen`
--
ALTER TABLE `m_sub_elemen`
  MODIFY `id_sub` int(11) NOT NULL AUTO_INCREMENT, AUTO_INCREMENT=43;

--
-- AUTO_INCREMENT for table `nilai`
--
ALTER TABLE `nilai`
  MODIFY `id_nilai` int(11) NOT NULL AUTO_INCREMENT;

--
-- AUTO_INCREMENT for table `nilai_formatif`
--
ALTER TABLE `nilai_formatif`
  MODIFY `id` int(11) NOT NULL AUTO_INCREMENT;

--
-- AUTO_INCREMENT for table `nilai_harian`
--
ALTER TABLE `nilai_harian`
  MODIFY `idn` int(11) NOT NULL AUTO_INCREMENT;

--
-- AUTO_INCREMENT for table `nilai_proses`
--
ALTER TABLE `nilai_proses`
  MODIFY `idpros` int(11) NOT NULL AUTO_INCREMENT;

--
-- AUTO_INCREMENT for table `nilai_proyek`
--
ALTER TABLE `nilai_proyek`
  MODIFY `idn` int(11) NOT NULL AUTO_INCREMENT;

--
-- AUTO_INCREMENT for table `nilai_rapor`
--
ALTER TABLE `nilai_rapor`
  MODIFY `id` int(11) NOT NULL AUTO_INCREMENT;

--
-- AUTO_INCREMENT for table `nilai_skl`
--
ALTER TABLE `nilai_skl`
  MODIFY `id` int(11) NOT NULL AUTO_INCREMENT;

--
-- AUTO_INCREMENT for table `nilai_sku`
--
ALTER TABLE `nilai_sku`
  MODIFY `id_sku` int(11) NOT NULL AUTO_INCREMENT;

--
-- AUTO_INCREMENT for table `nilai_sumatif`
--
ALTER TABLE `nilai_sumatif`
  MODIFY `id` int(11) NOT NULL AUTO_INCREMENT;

--
-- AUTO_INCREMENT for table `nilai_ujian`
--
ALTER TABLE `nilai_ujian`
  MODIFY `id` int(11) NOT NULL AUTO_INCREMENT;

--
-- AUTO_INCREMENT for table `pesan_terkirim`
--
ALTER TABLE `pesan_terkirim`
  MODIFY `id` int(11) NOT NULL AUTO_INCREMENT, AUTO_INCREMENT=2;

--
-- AUTO_INCREMENT for table `pk`
--
ALTER TABLE `pk`
  MODIFY `no` int(11) NOT NULL AUTO_INCREMENT, AUTO_INCREMENT=3;

--
-- AUTO_INCREMENT for table `pkl`
--
ALTER TABLE `pkl`
  MODIFY `id` int(11) NOT NULL AUTO_INCREMENT;

--
-- AUTO_INCREMENT for table `prestasi`
--
ALTER TABLE `prestasi`
  MODIFY `id` int(11) NOT NULL AUTO_INCREMENT;

--
-- AUTO_INCREMENT for table `proyek`
--
ALTER TABLE `proyek`
  MODIFY `idp` int(11) NOT NULL AUTO_INCREMENT;

--
-- AUTO_INCREMENT for table `reset`
--
ALTER TABLE `reset`
  MODIFY `id` int(11) NOT NULL AUTO_INCREMENT;

--
-- AUTO_INCREMENT for table `reset_andro`
--
ALTER TABLE `reset_andro`
  MODIFY `id` int(11) NOT NULL AUTO_INCREMENT;

--
-- AUTO_INCREMENT for table `savsoft_options`
--
ALTER TABLE `savsoft_options`
  MODIFY `oid` int(11) NOT NULL AUTO_INCREMENT;

--
-- AUTO_INCREMENT for table `savsoft_qbank`
--
ALTER TABLE `savsoft_qbank`
  MODIFY `qid` int(11) NOT NULL AUTO_INCREMENT;

--
-- AUTO_INCREMENT for table `sinkron`
--
ALTER TABLE `sinkron`
  MODIFY `id` int(11) NOT NULL AUTO_INCREMENT;

--
-- AUTO_INCREMENT for table `siswa_alumni`
--
ALTER TABLE `siswa_alumni`
  MODIFY `id_siswa` int(11) NOT NULL AUTO_INCREMENT, AUTO_INCREMENT=33;

--
-- AUTO_INCREMENT for table `siswa_eskul`
--
ALTER TABLE `siswa_eskul`
  MODIFY `id` int(11) NOT NULL AUTO_INCREMENT;

--
-- AUTO_INCREMENT for table `skkb`
--
ALTER TABLE `skkb`
  MODIFY `id` int(11) NOT NULL AUTO_INCREMENT, AUTO_INCREMENT=2;

--
-- AUTO_INCREMENT for table `soal`
--
ALTER TABLE `soal`
  MODIFY `id_soal` int(11) NOT NULL AUTO_INCREMENT, AUTO_INCREMENT=8;

--
-- AUTO_INCREMENT for table `sosial`
--
ALTER TABLE `sosial`
  MODIFY `id` int(11) NOT NULL AUTO_INCREMENT;

--
-- AUTO_INCREMENT for table `spiritual`
--
ALTER TABLE `spiritual`
  MODIFY `id` int(11) NOT NULL AUTO_INCREMENT;

--
-- AUTO_INCREMENT for table `status`
--
ALTER TABLE `status`
  MODIFY `id` int(11) NOT NULL AUTO_INCREMENT, AUTO_INCREMENT=2;

--
-- AUTO_INCREMENT for table `temp_file`
--
ALTER TABLE `temp_file`
  MODIFY `id_file` int(11) NOT NULL AUTO_INCREMENT;

--
-- AUTO_INCREMENT for table `temp_finger`
--
ALTER TABLE `temp_finger`
  MODIFY `id` int(11) NOT NULL AUTO_INCREMENT;

--
-- AUTO_INCREMENT for table `temp_pil`
--
ALTER TABLE `temp_pil`
  MODIFY `id` int(11) NOT NULL AUTO_INCREMENT;

--
-- AUTO_INCREMENT for table `temp_soal`
--
ALTER TABLE `temp_soal`
  MODIFY `id` int(11) NOT NULL AUTO_INCREMENT;

--
-- AUTO_INCREMENT for table `tugas`
--
ALTER TABLE `tugas`
  MODIFY `id_tugas` int(255) NOT NULL AUTO_INCREMENT;

--
-- AUTO_INCREMENT for table `tujuan`
--
ALTER TABLE `tujuan`
  MODIFY `idt` int(11) NOT NULL AUTO_INCREMENT;
COMMIT;

